000
CDUS44 KLCH 261245
CLIAEX


CLIMATE REPORT
NATIONAL WEATHER SERVICE LAKE CHARLES, LA
745 AM CDT THU APR 26 2018


...................................

...THE ALEXANDRIA CLIMATE SUMMARY FOR APRIL 25 2018...

CLIMATE NORMAL PERIOD 1981 TO 2010
CLIMATE RECORD PERIOD 1892 TO 2018


WEATHER ITEM   OBSERVED TIME   RECORD YEAR NORMAL DEPARTURE LAST
                VALUE   (LST)  VALUE       VALUE  FROM      YEAR
                                                  NORMAL
..................................................................
TEMPERATURE (F)
 YESTERDAY
  MAXIMUM         84    238 PM  93    1925  81      3       84
  MINIMUM         54    558 AM  32    1910  57     -3       53
  AVERAGE         69                        69      0       69

PRECIPITATION (IN)
  YESTERDAY        0.03          3.16 1946   0.09  -0.06     0.00
  MONTH TO DATE    3.42                      3.94  -0.52     9.83
  SINCE MAR 1     13.00                      8.99   4.01    11.98
  SINCE JAN 1     29.49                     18.67  10.82    19.69

SNOWFALL (IN)
  YESTERDAY        0.0           0.0    MM  MM     MM        0.0
  MONTH TO DATE    0.0                      MM     MM        0.0
  SINCE MAR 1      0.0                      MM     MM        0.0
  SINCE JUL 1      2.9                      MM     MM        0.5
  SNOW DEPTH       0

DEGREE DAYS
 HEATING
  YESTERDAY        0                         1     -1        0
  MONTH TO DATE  107                        63     44       23
  SINCE MAR 1    248                       278    -30      152
  SINCE JUL 1   1870                      1943    -73     1128

 COOLING
  YESTERDAY        4                         5     -1        4
  MONTH TO DATE   41                        79    -38      120
  SINCE MAR 1    112                       115     -3      225
  SINCE JAN 1    171                       132     39      307
..................................................................


WIND (MPH)
  HIGHEST WIND SPEED    21   HIGHEST WIND DIRECTION    NW (310)
  HIGHEST GUST SPEED    26   HIGHEST GUST DIRECTION    NW (310)
  AVERAGE WIND SPEED     5.3


SKY COVER
  POSSIBLE SUNSHINE  MM
  AVERAGE SKY COVER 0.4


WEATHER CONDITIONS
 THE FOLLOWING WEATHER WAS RECORDED YESTERDAY.
  LIGHT RAIN
  FOG


RELATIVE HUMIDITY (PERCENT)
 HIGHEST   100           200 AM
 LOWEST     37           200 PM
 AVERAGE    69

..........................................................


THE ALEXANDRIA CLIMATE NORMALS FOR TODAY
                         NORMAL    RECORD    YEAR
 MAXIMUM TEMPERATURE (F)   81        91      1944
                                             1925
 MINIMUM TEMPERATURE (F)   58        35      1910


SUNRISE AND SUNSET
APRIL 26 2018.........SUNRISE   630 AM CDT   SUNSET   746 PM CDT
APRIL 27 2018.........SUNRISE   629 AM CDT   SUNSET   747 PM CDT


-  INDICATES NEGATIVE NUMBERS.
R  INDICATES RECORD WAS SET OR TIED.
MM INDICATES DATA IS MISSING.
T  INDICATES TRACE AMOUNT.




$$
