000
CDUS42 KCAE 230600
CLIAGS


CLIMATE REPORT
NATIONAL WEATHER SERVICE COLUMBIA SC
200 AM EDT WED MAY 23 2018


...................................

...THE AUGUSTA REGIONAL BUSH FIELD GA CLIMATE SUMMARY FOR MAY 22 2018...

CLIMATE NORMAL PERIOD 1981 TO 2010
CLIMATE RECORD PERIOD 1873 TO 2018


WEATHER ITEM   OBSERVED TIME   RECORD YEAR NORMAL DEPARTURE LAST
                VALUE   (LST)  VALUE       VALUE  FROM      YEAR
                                                  NORMAL
..................................................................
TEMPERATURE (F)
 YESTERDAY
  MAXIMUM         85    309 PM  97    1941  87     -2       92
                                      1933
  MINIMUM         67    437 AM  42    1954  59      8       69
  AVERAGE         76                        73      3       81

PRECIPITATION (IN)
  YESTERDAY        1.18          3.39 1967   0.09   1.09     0.63
  MONTH TO DATE    3.49                      1.68   1.81     1.39
  SINCE MAR 1     10.17                      8.70   1.47     5.76
  SINCE JAN 1     13.83                     16.53  -2.70    18.00

SNOWFALL (IN)
  YESTERDAY        0.0          MM      MM   0.0             0.0
  MONTH TO DATE    0.0                       0.0             0.0
  SINCE MAR 1      0.0                       0.0             0.0
  SINCE JUL 1      T                         0.9              T

DEGREE DAYS
 HEATING
  YESTERDAY        0                         0      0        0
  MONTH TO DATE    3                        18    -15        3
  SINCE MAR 1    478                       438     40      272
  SINCE JUL 1   2165                      2470   -305     1407

 COOLING
  YESTERDAY       11                         8      3       16
  MONTH TO DATE  169                       124     45      195
  SINCE MAR 1    201                       194      7      415
  SINCE JAN 1    252                       197     55      445
..................................................................


WIND (MPH)
  HIGHEST WIND SPEED    18   HIGHEST WIND DIRECTION    SW (240)
  HIGHEST GUST SPEED    24   HIGHEST GUST DIRECTION     W (260)
  AVERAGE WIND SPEED     5.2


SKY COVER
  AVERAGE SKY COVER 0.6


WEATHER CONDITIONS
 THE FOLLOWING WEATHER WAS RECORDED YESTERDAY.
  THUNDERSTORM
  HEAVY RAIN
  RAIN
  LIGHT RAIN
  FOG
  FOG W/VISIBILITY <= 1/4 MILE
  HAZE


RELATIVE HUMIDITY (PERCENT)
 HIGHEST   100           100 AM
 LOWEST     61           300 PM
 AVERAGE    81

..........................................................


THE AUGUSTA REGIONAL BUSH FIELD GA CLIMATE NORMALS FOR TODAY
                         NORMAL    RECORD    YEAR
 MAXIMUM TEMPERATURE (F)   87        99      2011
                                             1941
 MINIMUM TEMPERATURE (F)   60        41      2002


SUNRISE AND SUNSET
MAY 23 2018...........SUNRISE   623 AM EDT   SUNSET   827 PM EDT
MAY 24 2018...........SUNRISE   622 AM EDT   SUNSET   827 PM EDT


-  INDICATES NEGATIVE NUMBERS.
R  INDICATES RECORD WAS SET OR TIED.
MM INDICATES DATA IS MISSING.
T  INDICATES TRACE AMOUNT.




$$
