000
CDUS42 KFFC 190819
CLIAHN


CLIMATE REPORT
NATIONAL WEATHER SERVICE PEACHTREE CITY GA
419 AM EDT THU APR 19 2018


...................................

...THE ATHENS CLIMATE SUMMARY FOR APRIL 18 2018...

CLIMATE NORMAL PERIOD 1981 TO 2010
CLIMATE RECORD PERIOD 1898 TO 2018


WEATHER ITEM   OBSERVED TIME   RECORD YEAR NORMAL DEPARTURE LAST
                VALUE   (LST)  VALUE       VALUE  FROM      YEAR
                                                  NORMAL
..................................................................
TEMPERATURE (F)
 YESTERDAY
  MAXIMUM         84    426 PM  90    1942  75      9       80
                                      1927
  MINIMUM         49    618 AM  32    1936  50     -1       59
  AVERAGE         67                        62      5       70

PRECIPITATION (IN)
  YESTERDAY        0.00          1.50 1924   0.10  -0.10      T
  MONTH TO DATE    2.63                      1.92   0.71     4.25
  SINCE MAR 1      5.81                      6.35  -0.54     8.56
  SINCE JAN 1     16.22                     14.88   1.34    16.26

SNOWFALL (IN)
  YESTERDAY        0.0           0.0  2002   0.0    0.0      0.0
                                      2001
                                      2000
  MONTH TO DATE    0.0                       0.1   -0.1      0.0
  SINCE MAR 1      0.0                       0.9   -0.9      0.0
  SINCE JUL 1      1.1                       3.0   -1.9      0.0
  SNOW DEPTH       0

DEGREE DAYS
 HEATING
  YESTERDAY        0                         4     -4        0
  MONTH TO DATE  131                       107     24       47
  SINCE MAR 1    514                       447     67      328
  SINCE JUL 1   2520                      2702   -182     1852

 COOLING
  YESTERDAY        2                         2      0        5
  MONTH TO DATE   11                        20     -9       50
  SINCE MAR 1     14                        30    -16       88
  SINCE JAN 1     48                        31     17       97
..................................................................


WIND (MPH)
  RESULTANT WIND SPEED   5   RESULTANT WIND DIRECTION  SW (240)
  HIGHEST WIND SPEED    15   HIGHEST WIND DIRECTION     W (270)
  HIGHEST GUST SPEED    24   HIGHEST GUST DIRECTION     W (250)
  AVERAGE WIND SPEED     6.4


SKY COVER
  POSSIBLE SUNSHINE  MM
  AVERAGE SKY COVER 0.0


WEATHER CONDITIONS
 THE FOLLOWING WEATHER WAS RECORDED YESTERDAY.
  NO SIGNIFICANT WEATHER WAS OBSERVED.


RELATIVE HUMIDITY (PERCENT)
 HIGHEST    83           700 AM
 LOWEST     22           500 PM
 AVERAGE    53

..........................................................


THE ATHENS CLIMATE NORMALS FOR TODAY
                         NORMAL    RECORD    YEAR
 MAXIMUM TEMPERATURE (F)   75        91      1917
 MINIMUM TEMPERATURE (F)   50        30      1983


SUNRISE AND SUNSET
APRIL 19 2018.........SUNRISE   658 AM EDT   SUNSET   808 PM EDT
APRIL 20 2018.........SUNRISE   656 AM EDT   SUNSET   808 PM EDT


-  INDICATES NEGATIVE NUMBERS.
R  INDICATES RECORD WAS SET OR TIED.
MM INDICATES DATA IS MISSING.
T  INDICATES TRACE AMOUNT.




$$
