000
CDUS45 KBOU 230744
CLIAKO


CLIMATE REPORT
NATIONAL WEATHER SERVICE DENVER/BOULDER CO
144 AM MDT WED MAY 23 2018


...................................

...THE AKRON CO CLIMATE SUMMARY FOR MAY 22 2018...

CLIMATE NORMAL PERIOD 1981 TO 2010
CLIMATE RECORD PERIOD 9999 TO 9999


WEATHER ITEM   OBSERVED TIME   RECORD YEAR NORMAL DEPARTURE LAST
                VALUE   (LST)  VALUE       VALUE  FROM      YEAR
                                                  NORMAL
..................................................................
TEMPERATURE (F)
 YESTERDAY
  MAXIMUM         78    150 PM  95    1939  72      6
  MINIMUM         52    523 AM  32    1963  46      6
  AVERAGE         65                        59      6

PRECIPITATION (IN)
  YESTERDAY        0.00          1.06 1965   0.10  -0.10     0.07
  MONTH TO DATE    4.80                      1.98   2.82     2.80
  SINCE MAR 1      7.33                      4.50   2.83     6.52
  SINCE JAN 1      8.44                      5.24   3.20     6.63

SNOWFALL (IN)
  YESTERDAY        0.0
  SNOW DEPTH       0

DEGREE DAYS
 HEATING
  YESTERDAY        0
  MONTH TO DATE  162

 COOLING
  YESTERDAY        0
  MONTH TO DATE    9
..................................................................


WIND (MPH)
  HIGHEST WIND SPEED    25   HIGHEST WIND DIRECTION    SE (140)
  HIGHEST GUST SPEED    34   HIGHEST GUST DIRECTION    SE (140)




RELATIVE HUMIDITY (PERCENT)
 HIGHEST    71
 LOWEST     40
 AVERAGE    56

..........................................................


THE AKRON CO CLIMATE NORMALS FOR TODAY
                         NORMAL    RECORD    YEAR
 MAXIMUM TEMPERATURE (F)   73        94      1989
 MINIMUM TEMPERATURE (F)   46        34      2017


SUNRISE AND SUNSET
MAY 23 2018...........SUNRISE   531 AM MDT   SUNSET   809 PM MDT
MAY 24 2018...........SUNRISE   530 AM MDT   SUNSET   810 PM MDT


-  INDICATES NEGATIVE NUMBERS.
R  INDICATES RECORD WAS SET OR TIED.
MM INDICATES DATA IS MISSING.
T  INDICATES TRACE AMOUNT.




$$
