000
CDUS43 KAPX 240526
CLIANJ


CLIMATE REPORT
NATIONAL WEATHER SERVICE GAYLORD MI
126 AM EDT TUE APR 24 2018


...................................

...THE SAULT STE MARIE MI CLIMATE SUMMARY FOR APRIL 23 2018...

CLIMATE NORMAL PERIOD 1981 TO 2010
CLIMATE RECORD PERIOD 1888 TO 2018


WEATHER ITEM   OBSERVED TIME   RECORD YEAR NORMAL DEPARTURE LAST
                VALUE   (LST)  VALUE       VALUE  FROM      YEAR
                                                  NORMAL
..................................................................
TEMPERATURE (F)
 YESTERDAY
  MAXIMUM         61    409 PM  76    1913  54      7       46
  MINIMUM         33    551 AM  20    1986  34     -1       34
                                      1956
                                      1930
  AVERAGE         47                        44      3       40

PRECIPITATION (IN)
  YESTERDAY        0.00          0.96 1934   0.08  -0.08      T
  MONTH TO DATE    2.27                      1.87   0.40     2.40
  SINCE MAR 1      3.54                      3.82  -0.28     4.35
  SINCE JAN 1      7.02                      7.35  -0.33    10.31

SNOWFALL (IN)
  YESTERDAY        0.0           3.0  1988   0.1   -0.1      0.0
  MONTH TO DATE   27.4                       6.0   21.4      0.5
  SINCE OCT 1    127.8                     119.6    8.2    137.4
  SINCE JUL 1    127.8                     119.6    8.2    137.4
  SNOW DEPTH       9

DEGREE DAYS
 HEATING
  YESTERDAY       18                        21     -3       25
  MONTH TO DATE  781                       605    176      521
  SINCE MAR 1   1962                      1805    157     1719
  SINCE JUL 1   7789                      7931   -142     6593

 COOLING
  YESTERDAY        0                         0      0        0
  MONTH TO DATE    0                         0      0        0
  SINCE MAR 1      0                         0      0        0
  SINCE JAN 1      0                         0      0        0
..................................................................


WIND (MPH)
  HIGHEST WIND SPEED    12   HIGHEST WIND DIRECTION    SE (140)
  HIGHEST GUST SPEED    14   HIGHEST GUST DIRECTION    SE (140)
  AVERAGE WIND SPEED     5.4




RELATIVE HUMIDITY (PERCENT)
 HIGHEST    64
 LOWEST     25
 AVERAGE    45

..........................................................


THE SAULT STE MARIE MI CLIMATE NORMALS FOR TODAY
                         NORMAL    RECORD    YEAR
 MAXIMUM TEMPERATURE (F)   54        83      1915
 MINIMUM TEMPERATURE (F)   35        13      1892


SUNRISE AND SUNSET
APRIL 24 2018.........SUNRISE   635 AM EDT   SUNSET   837 PM EDT
APRIL 25 2018.........SUNRISE   633 AM EDT   SUNSET   839 PM EDT


-  INDICATES NEGATIVE NUMBERS.
R  INDICATES RECORD WAS SET OR TIED.
MM INDICATES DATA IS MISSING.
T  INDICATES TRACE AMOUNT.




$$
