000
CDUS43 KAPX 260529
CLIAPN


CLIMATE REPORT
NATIONAL WEATHER SERVICE GAYLORD MI
128 AM EDT THU APR 26 2018


...................................

...THE ALPENA MI CLIMATE SUMMARY FOR APRIL 25 2018...

CLIMATE NORMAL PERIOD 1981 TO 2010
CLIMATE RECORD PERIOD 1916 TO 2018


WEATHER ITEM   OBSERVED TIME   RECORD YEAR NORMAL DEPARTURE LAST
                VALUE   (LST)  VALUE       VALUE  FROM      YEAR
                                                  NORMAL
..................................................................
TEMPERATURE (F)
 YESTERDAY
  MAXIMUM         47    602 PM  90    1990  57    -10       59
  MINIMUM         33   1159 PM  20    2015  34     -1       38
                                      1963
  AVERAGE         40                        46     -6       49

PRECIPITATION (IN)
  YESTERDAY        0.23          1.27 1929   0.08   0.15     0.00
  MONTH TO DATE    4.94                      2.00   2.94     4.00
  SINCE MAR 1      6.45                      3.86   2.59     6.83
  SINCE JAN 1     10.34                      6.84   3.50    12.32

SNOWFALL (IN)
  YESTERDAY        0.0           0.4  1926   0.1   -0.1      0.0
  MONTH TO DATE   30.7                       5.5   25.2       T
  SINCE OCT 1     82.5                      83.8   -1.3     66.4
  SINCE JUL 1     82.5                      83.8   -1.3     66.4
  SNOW DEPTH       T

DEGREE DAYS
 HEATING
  YESTERDAY       25                        20      5       16
  MONTH TO DATE  827                       610    217      514
  SINCE MAR 1   1975                      1734    241     1645
  SINCE JUL 1   7424                      7466    -42     6276

 COOLING
  YESTERDAY        0                         0      0        0
  MONTH TO DATE    0                         0      0        0
  SINCE MAR 1      0                         0      0        0
  SINCE JAN 1      0                         0      0        0
..................................................................


WIND (MPH)
  HIGHEST WIND SPEED    16   HIGHEST WIND DIRECTION    NW (330)
  HIGHEST GUST SPEED    20   HIGHEST GUST DIRECTION    NW (330)
  AVERAGE WIND SPEED     9.0




RELATIVE HUMIDITY (PERCENT)
 HIGHEST   100
 LOWEST     58
 AVERAGE    79

..........................................................


THE ALPENA MI CLIMATE NORMALS FOR TODAY
                         NORMAL    RECORD    YEAR
 MAXIMUM TEMPERATURE (F)   57        89      1990
 MINIMUM TEMPERATURE (F)   35        18      1958


SUNRISE AND SUNSET
APRIL 26 2018.........SUNRISE   631 AM EDT   SUNSET   834 PM EDT
APRIL 27 2018.........SUNRISE   630 AM EDT   SUNSET   835 PM EDT


-  INDICATES NEGATIVE NUMBERS.
R  INDICATES RECORD WAS SET OR TIED.
MM INDICATES DATA IS MISSING.
T  INDICATES TRACE AMOUNT.




$$
