000
CDUS44 KLCH 240831
CLIARA


CLIMATE REPORT
NATIONAL WEATHER SERVICE LAKE CHARLES, LA
329 AM CDT TUE APR 24 2018


...................................

...THE NEW IBERIA CLIMATE SUMMARY FOR APRIL 23 2018...

CLIMATE NORMAL PERIOD 1981 TO 2010
CLIMATE RECORD PERIOD 1948 TO 2018


WEATHER ITEM   OBSERVED TIME   RECORD YEAR NORMAL DEPARTURE LAST
                VALUE   (LST)  VALUE       VALUE  FROM      YEAR
                                                  NORMAL
..................................................................
TEMPERATURE (F)
 YESTERDAY
  MAXIMUM         77    402 PM  89    2008  81     -4       68
                                      1963
  MINIMUM         51    523 AM  46    1993  59     -8       52
  AVERAGE         64                        70     -6       60

PRECIPITATION (IN)
  YESTERDAY        0.00          2.41 1952   0.10  -0.10     0.00
  MONTH TO DATE    3.58                      3.35   0.23     1.59
  SINCE MAR 1      5.83                      7.12  -1.29     4.28
  SINCE JAN 1     15.34                     16.53  -1.19     7.08

SNOWFALL (IN)
  YESTERDAY        0.0           0.0    MM  MM               0.0
  MONTH TO DATE    0.0                      MM               0.0
  SINCE MAR 1      0.0                      MM               0.0
  SINCE JUL 1      2.4                      MM               0.0

DEGREE DAYS
 HEATING
  YESTERDAY        1                         1      0        5
  MONTH TO DATE   65                        43     22       12
  SINCE MAR 1    175                       191    -16       83
  SINCE JUL 1   1358                      1407    -49      712

 COOLING
  YESTERDAY        0                         5     -5        0
  MONTH TO DATE   46                        91    -45      149
  SINCE MAR 1    137                       143     -6      274
  SINCE JAN 1    260                       174     86      409
..................................................................


WIND (MPH)
  RESULTANT WIND SPEED   7   RESULTANT WIND DIRECTION  NW (300)
  HIGHEST WIND SPEED    17   HIGHEST WIND DIRECTION    NW (300)
  HIGHEST GUST SPEED    27   HIGHEST GUST DIRECTION    NW (320)
  AVERAGE WIND SPEED     7.2


SKY COVER
  POSSIBLE SUNSHINE  MM
  AVERAGE SKY COVER 0.3


WEATHER CONDITIONS
 THE FOLLOWING WEATHER WAS RECORDED YESTERDAY.
  FOG


RELATIVE HUMIDITY (PERCENT)
 HIGHEST    96           500 AM
 LOWEST     46           200 PM
 AVERAGE    71

..........................................................


THE NEW IBERIA CLIMATE NORMALS FOR TODAY
                         NORMAL    RECORD    YEAR
 MAXIMUM TEMPERATURE (F)   81        89      1955
 MINIMUM TEMPERATURE (F)   59        47      2005
                                             1998
                                             1983


SUNRISE AND SUNSET
APRIL 24 2018.........SUNRISE   631 AM CDT   SUNSET   740 PM CDT
APRIL 25 2018.........SUNRISE   630 AM CDT   SUNSET   741 PM CDT


-  INDICATES NEGATIVE NUMBERS.
R  INDICATES RECORD WAS SET OR TIED.
MM INDICATES DATA IS MISSING.
T  INDICATES TRACE AMOUNT.




$$
