000
CDUS41 KGYX 272045
CLIAUG


CLIMATE REPORT
NATIONAL WEATHER SERVICE GRAY ME
445 PM EDT SUN MAY 27 2018


...................................

...THE AUGUSTA CLIMATE SUMMARY FOR MAY 27 2018...
VALID TODAY AS OF 0400 PM LOCAL TIME.

CLIMATE NORMAL PERIOD 1981 TO 2010
CLIMATE RECORD PERIOD 1948 TO 2018


WEATHER ITEM   OBSERVED TIME   RECORD YEAR NORMAL DEPARTURE LAST
                VALUE   (LST)  VALUE       VALUE  FROM      YEAR
                                                  NORMAL
..................................................................
TEMPERATURE (F)
 TODAY
  MAXIMUM         59    105 PM  88    1959  69    -10       68
  MINIMUM         51    433 AM  32    1969  48      3       47
  AVERAGE         55                        58     -3       58

PRECIPITATION (IN)
  TODAY            0.00          1.45 1956   0.11  -0.11      T
  MONTH TO DATE    1.08                      3.22  -2.14     4.65
  SINCE MAR 1      8.41                     10.38  -1.97    12.12
  SINCE JAN 1     15.40                     15.42  -0.02    18.60

DEGREE DAYS
 HEATING
  TODAY           10                         7      3        7
  MONTH TO DATE  197                       295    -98      323
  SINCE MAR 1   1898                      1956    -58     2071
  SINCE JUL 1   6884                      7299   -415     6883

 COOLING
  TODAY            0                         1     -1        0
  MONTH TO DATE    4                         3      1       11
  SINCE MAR 1      4                         3      1       11
  SINCE JAN 1      4                         3      1       11
..................................................................


WIND (MPH)
  HIGHEST WIND SPEED    16   HIGHEST WIND DIRECTION     E (100)
  HIGHEST GUST SPEED    20   HIGHEST GUST DIRECTION     E (100)
  AVERAGE WIND SPEED     7.0


SKY COVER
  AVERAGE SKY COVER 0.7


WEATHER CONDITIONS
 THE FOLLOWING WEATHER WAS RECORDED TODAY.
  NO SIGNIFICANT WEATHER WAS OBSERVED.


RELATIVE HUMIDITY (PERCENT)
 HIGHEST    83           100 AM
 LOWEST     40          1100 AM
 AVERAGE    62

..........................................................


THE AUGUSTA CLIMATE NORMALS FOR TOMORROW
                         NORMAL    RECORD    YEAR
 MAXIMUM TEMPERATURE (F)   69        90      2016
 MINIMUM TEMPERATURE (F)   48        39      1994


SUNRISE AND SUNSET
MAY 27 2018...........SUNRISE   501 AM EDT   SUNSET   812 PM EDT
MAY 28 2018...........SUNRISE   501 AM EDT   SUNSET   813 PM EDT


-  INDICATES NEGATIVE NUMBERS.
R  INDICATES RECORD WAS SET OR TIED.
MM INDICATES DATA IS MISSING.
T  INDICATES TRACE AMOUNT.




$$
