659
CDUS42 KGSP 262047
CLIAVL

CLIMATE REPORT
NATIONAL WEATHER SERVICE GREENVILLE-SPARTANBURG SC
446 PM EDT THU APR 26 2018

...................................

...THE ASHEVILLE NC CLIMATE SUMMARY FOR APRIL 26 2018...
VALID TODAY AS OF 430 PM LOCAL TIME.

CLIMATE NORMAL PERIOD 1981 TO 2010
CLIMATE RECORD PERIOD 1869 TO 2018

WEATHER ITEM   OBSERVED TIME   RECORD YEAR NORMAL DEPARTURE LAST
                VALUE   (LST)  VALUE       VALUE  FROM      YEAR
                                                  NORMAL
..................................................................
TEMPERATURE (F)
 TODAY
  MAXIMUM         61   1232 PM  86    1989  70     -9       79
  MINIMUM         51    533 AM  30    1968  46      5       49
  AVERAGE         56                        58     -2       64

PRECIPITATION (IN)
  TODAY            0.23          2.75 1973   0.12   0.11     0.00
  MONTH TO DATE    4.48                      2.89   1.59     7.31
  SINCE MAR 1      7.59                      6.72   0.87    11.23
  SINCE JAN 1     17.20                     14.15   3.05    15.65

SNOWFALL (IN)
  TODAY            0.0           T    1946   0.0    0.0      0.0
  MONTH TO DATE    T                         0.7   -0.7      0.0
  SINCE MAR 1      1.2                       2.6   -1.4      2.1
  SINCE JUL 1     12.0                       9.9    2.1      9.4
  SNOW DEPTH       0

DEGREE DAYS
 HEATING
  TODAY            9                         7      2        1
  MONTH TO DATE  293                       274     19      148
  SINCE MAR 1    879                       829     50      655
  SINCE JUL 1   3729                      4046   -317     3049

 COOLING
  TODAY            0                         0      0        0
  MONTH TO DATE    4                         0      4       11
  SINCE MAR 1      4                         1      3       11
  SINCE JAN 1      8                         1      7       11
..................................................................

WIND (MPH)
  HIGHEST WIND SPEED     9   HIGHEST WIND DIRECTION     S (160)
  HIGHEST GUST SPEED    12   HIGHEST GUST DIRECTION     S (170)
  AVERAGE WIND SPEED     5.3

SKY COVER
  POSSIBLE SUNSHINE  MM
  AVERAGE SKY COVER 0.9

WEATHER CONDITIONS
 THE FOLLOWING WEATHER WAS RECORDED TODAY.
  RAIN
  LIGHT RAIN
  FOG

RELATIVE HUMIDITY (PERCENT)
 HIGHEST    89          1200 AM
 LOWEST     60          1100 AM
 AVERAGE    75

..........................................................

THE ASHEVILLE NC CLIMATE NORMALS FOR TOMORROW
                         NORMAL    RECORD    YEAR
 MAXIMUM TEMPERATURE (F)   71        88      1986
 MINIMUM TEMPERATURE (F)   46        30      1977
                                             1972

SUNRISE AND SUNSET
APRIL 26 2018.........SUNRISE   644 AM EDT   SUNSET   812 PM EDT
APRIL 27 2018.........SUNRISE   643 AM EDT   SUNSET   813 PM EDT

-  INDICATES NEGATIVE NUMBERS.
R  INDICATES RECORD WAS SET OR TIED.
MM INDICATES DATA IS MISSING.
T  INDICATES TRACE AMOUNT.

$$

JMP
