000
CDUS41 KBGM 220547
CLIAVP


CLIMATE REPORT
NATIONAL WEATHER SERVICE BINGHAMTON NY
147 AM EDT SUN APR 22 2018


...................................

...THE AVOCA PA CLIMATE SUMMARY FOR APRIL 21 2018...

CLIMATE NORMAL PERIOD 1981 TO 2010
CLIMATE RECORD PERIOD 1901 TO 2018


WEATHER ITEM   OBSERVED TIME   RECORD YEAR NORMAL DEPARTURE LAST
                VALUE   (LST)  VALUE       VALUE  FROM      YEAR
                                                  NORMAL
..................................................................
TEMPERATURE (F)
 YESTERDAY
  MAXIMUM         58    319 PM  85    1985  62     -4       69
                                      1976
  MINIMUM         27    544 AM  26    1925  40    -13       53
  AVERAGE         43                        51     -8       61

PRECIPITATION (IN)
  YESTERDAY        0.00          1.04 1991   0.11  -0.11     0.88
  MONTH TO DATE    2.20                      2.32  -0.12     2.90
  SINCE MAR 1      5.02                      4.87   0.15     8.35
  SINCE JAN 1     12.03                      9.27   2.76    14.58

SNOWFALL (IN)
  YESTERDAY        0.0           0.1  1991   0.1   -0.1      0.0
  MONTH TO DATE    4.7                       2.6    2.1      0.1
  SINCE MAR 1     24.6                      11.6   13.0     30.7
  SINCE JUL 1     51.7                      45.5    6.2     55.5

DEGREE DAYS
 HEATING
  YESTERDAY       22                        14      8        4
  MONTH TO DATE  470                       382     88      233
  SINCE MAR 1   1415                      1253    162     1168
  SINCE JUL 1   5606                      5859   -253     4923

 COOLING
  YESTERDAY        0                         0      0        0
  MONTH TO DATE    4                         0      4       10
  SINCE MAR 1      4                         0      4       10
  SINCE JAN 1      4                         0      4       10
..................................................................


WIND (MPH)
  HIGHEST WIND SPEED    18   HIGHEST WIND DIRECTION    NW (300)
  HIGHEST GUST SPEED    22   HIGHEST GUST DIRECTION    NW (310)
  AVERAGE WIND SPEED     5.4


SKY COVER
  AVERAGE SKY COVER 0.0



RELATIVE HUMIDITY (PERCENT)
 HIGHEST    92           500 AM
 LOWEST     24           500 PM
 AVERAGE    58

..........................................................


THE AVOCA PA CLIMATE NORMALS FOR TODAY
                         NORMAL    RECORD    YEAR
 MAXIMUM TEMPERATURE (F)   62        87      1902
 MINIMUM TEMPERATURE (F)   41        25      1904


SUNRISE AND SUNSET
APRIL 22 2018.........SUNRISE   613 AM EDT   SUNSET   751 PM EDT
APRIL 23 2018.........SUNRISE   611 AM EDT   SUNSET   752 PM EDT


-  INDICATES NEGATIVE NUMBERS.
R  INDICATES RECORD WAS SET OR TIED.
MM INDICATES DATA IS MISSING.
T  INDICATES TRACE AMOUNT.




$$
