000
CDUS41 KCAR 260547
CLIBGR


CLIMATE REPORT
NATIONAL WEATHER SERVICE CARIBOU, ME
146 AM EDT THU APR 26 2018


...................................

...THE BANGOR ME CLIMATE SUMMARY FOR APRIL 25 2018...

CLIMATE NORMAL PERIOD 1981 TO 2010
CLIMATE RECORD PERIOD 1925 TO 2018


WEATHER ITEM   OBSERVED TIME   RECORD YEAR NORMAL DEPARTURE LAST
                VALUE   (LST)  VALUE       VALUE  FROM      YEAR
                                                  NORMAL
..................................................................
TEMPERATURE (F)
 YESTERDAY
  MAXIMUM         62   1036 AM  79    1942  57      5       58
  MINIMUM         45    458 AM  21    1965  36      9       34
  AVERAGE         54                        46      8       46

PRECIPITATION (IN)
  YESTERDAY        0.91          1.82 1968   0.12   0.79     0.12
  MONTH TO DATE    3.38                      3.02   0.36     2.90
  SINCE MAR 1      5.56                      6.40  -0.84     4.97
  SINCE JAN 1     14.08                     11.81   2.27    10.86

SNOWFALL (IN)
  YESTERDAY        0.0           3.3  1962   0.0             0.0
  MONTH TO DATE    2.3                       3.6             2.3
  SINCE MAR 1     35.3                      15.3            19.3
  SINCE JUL 1    111.3                      66.0            82.6
  SNOW DEPTH       0

DEGREE DAYS
 HEATING
  YESTERDAY       11                        19     -8       19
  MONTH TO DATE  657                       588     69      523
  SINCE MAR 1   1695                      1665     30     1737
  SINCE JUL 1   6913                      7311   -398     6865

 COOLING
  YESTERDAY        0                         0      0        0
  MONTH TO DATE    0                         0      0        0
  SINCE MAR 1      0                         0      0        0
  SINCE JAN 1      0                         0      0        0
..................................................................


WIND (MPH)
  RESULTANT WIND SPEED   9   RESULTANT WIND DIRECTION   S (160)
  HIGHEST WIND SPEED    18   HIGHEST WIND DIRECTION     S (170)
  HIGHEST GUST SPEED    24   HIGHEST GUST DIRECTION     S (170)


SKY COVER
  POSSIBLE SUNSHINE  MM
  AVERAGE SKY COVER 1.0


WEATHER CONDITIONS
 THE FOLLOWING WEATHER WAS RECORDED YESTERDAY.
  RAIN
  LIGHT RAIN
  FOG


RELATIVE HUMIDITY (PERCENT)
 HIGHEST   100
 LOWEST     54
 AVERAGE    77

..........................................................


THE BANGOR ME CLIMATE NORMALS FOR TODAY
                         NORMAL    RECORD    YEAR
 MAXIMUM TEMPERATURE (F)   58        76      1991
 MINIMUM TEMPERATURE (F)   36        24      2016
                                             1940


SUNRISE AND SUNSET
APRIL 26 2018.........SUNRISE   533 AM EDT   SUNSET   734 PM EDT
APRIL 27 2018.........SUNRISE   531 AM EDT   SUNSET   735 PM EDT


-  INDICATES NEGATIVE NUMBERS.
R  INDICATES RECORD WAS SET OR TIED.
MM INDICATES DATA IS MISSING.
T  INDICATES TRACE AMOUNT.




$$
