000
CDUS43 KBIS 190724
CLIBIS


CLIMATE REPORT
NATIONAL WEATHER SERVICE BISMARCK ND
223 AM CDT THU APR 19 2018


...................................

...THE BISMARCK ND CLIMATE SUMMARY FOR APRIL 18 2018...

CLIMATE NORMAL PERIOD 1981 TO 2010
CLIMATE RECORD PERIOD 1875 TO 2018


WEATHER ITEM   OBSERVED TIME   RECORD YEAR NORMAL DEPARTURE LAST
                VALUE   (LST)  VALUE       VALUE  FROM      YEAR
                                                  NORMAL
..................................................................
TEMPERATURE (F)
 YESTERDAY
  MAXIMUM         52    353 PM  92    1987  59     -7       50
  MINIMUM         28   1105 PM  12    1988  32     -4       37
                                      1953
  AVERAGE         40                        45     -5       44

PRECIPITATION (IN)
  YESTERDAY        T             0.74 1986   0.04  -0.04     0.40
  MONTH TO DATE    0.27                      0.67  -0.40     0.65
  SINCE MAR 1      1.84                      1.54   0.30     1.17
  SINCE JAN 1      2.59                      2.48   0.11     2.57

SNOWFALL (IN)
  YESTERDAY        T             4.2  1970   0.1   -0.1      0.0
  MONTH TO DATE    5.3                       3.2    2.1      0.0
  SINCE MAR 1     26.3                      12.3   14.0      8.7
  SINCE JUL 1     44.1                      49.8   -5.7     71.6
  SNOW DEPTH       T

DEGREE DAYS
 HEATING
  YESTERDAY       25                        20      5       21
  MONTH TO DATE  682                       428    254      316
  SINCE MAR 1   1869                      1516    353     1359
  SINCE JUL 1   8185                      7947    238     7361

 COOLING
  YESTERDAY        0                         0      0        0
  MONTH TO DATE    0                         0      0        0
  SINCE MAR 1      0                         0      0        0
  SINCE JAN 1      0                         0      0        0
..................................................................


WIND (MPH)
  HIGHEST WIND SPEED    16   HIGHEST WIND DIRECTION    NE (30)
  HIGHEST GUST SPEED    21   HIGHEST GUST DIRECTION     N (350)
  AVERAGE WIND SPEED     5.7


SKY COVER
  POSSIBLE SUNSHINE  MM
  AVERAGE SKY COVER 0.4


WEATHER CONDITIONS
 THE FOLLOWING WEATHER WAS RECORDED YESTERDAY.
  LIGHT RAIN
  LIGHT SNOW
  FOG


RELATIVE HUMIDITY (PERCENT)
 HIGHEST    92           800 AM
 LOWEST     44           200 PM
 AVERAGE    68

..........................................................


THE BISMARCK ND CLIMATE NORMALS FOR TODAY
                         NORMAL    RECORD    YEAR
 MAXIMUM TEMPERATURE (F)   59        86      1961
 MINIMUM TEMPERATURE (F)   32         4      1928


SUNRISE AND SUNSET
APRIL 19 2018.........SUNRISE   648 AM CDT   SUNSET   837 PM CDT
APRIL 20 2018.........SUNRISE   646 AM CDT   SUNSET   838 PM CDT


-  INDICATES NEGATIVE NUMBERS.
R  INDICATES RECORD WAS SET OR TIED.
MM INDICATES DATA IS MISSING.
T  INDICATES TRACE AMOUNT.




$$
