674
CDUS41 KRLX 242124
CLIBKW


CLIMATE REPORT
NATIONAL WEATHER SERVICE CHARLESTON WV
524 PM EDT THU MAY 24 2018


...................................

...THE BECKLEY WV CLIMATE SUMMARY FOR MAY 24 2018...
VALID TODAY AS OF 0500 PM LOCAL TIME.

CLIMATE NORMAL PERIOD 1981 TO 2010
CLIMATE RECORD PERIOD 1963 TO 2018


WEATHER ITEM   OBSERVED TIME   RECORD YEAR NORMAL DEPARTURE LAST
                VALUE   (LST)  VALUE       VALUE  FROM      YEAR
                                                  NORMAL
..................................................................
TEMPERATURE (F)
 TODAY
  MAXIMUM         79    356 PM  90    1939  72      7       62
  MINIMUM         51    527 AM  31    1961  51      0       54
  AVERAGE         65                        62      3       58

PRECIPITATION (IN)
  TODAY            0.00          1.60 1996   0.15  -0.15     0.82
  MONTH TO DATE    4.07                      3.57   0.50     6.06
  SINCE MAR 1     11.93                     10.50   1.43    13.45
  SINCE JAN 1     21.23                     16.07   5.16    19.82

DEGREE DAYS
 HEATING
  TODAY            0                         5     -5        7
  MONTH TO DATE   33                       165   -132      153
  SINCE MAR 1   1382                      1273    109     1069
  SINCE JUL 1   5072                      5274   -202     4203

 COOLING
  TODAY            0                         1     -1        0
  MONTH TO DATE   77                        18     59       29
  SINCE MAR 1     88                        28     60       60
  SINCE JAN 1     89                        28     61       60
..................................................................


WIND (MPH)
  HIGHEST WIND SPEED    15   HIGHEST WIND DIRECTION    SE (120)
  HIGHEST GUST SPEED    19   HIGHEST GUST DIRECTION    SE (120)
  AVERAGE WIND SPEED     4.9


SKY COVER
  POSSIBLE SUNSHINE  MM
  AVERAGE SKY COVER 0.1


WEATHER CONDITIONS
 THE FOLLOWING WEATHER WAS RECORDED TODAY.
  FOG
  FOG W/VISIBILITY <= 1/4 MILE


RELATIVE HUMIDITY (PERCENT)
 HIGHEST    96           500 AM
 LOWEST     39           400 PM
 AVERAGE    68

..........................................................


THE BECKLEY WV CLIMATE NORMALS FOR TOMORROW
                         NORMAL    RECORD    YEAR
 MAXIMUM TEMPERATURE (F)   72        86      1953
                                             1914
                                             1911
 MINIMUM TEMPERATURE (F)   52        28      1956


SUNRISE AND SUNSET
MAY 24 2018...........SUNRISE   608 AM EDT   SUNSET   835 PM EDT
MAY 25 2018...........SUNRISE   608 AM EDT   SUNSET   836 PM EDT


-  INDICATES NEGATIVE NUMBERS.
R  INDICATES RECORD WAS SET OR TIED.
MM INDICATES DATA IS MISSING.
T  INDICATES TRACE AMOUNT.




$$
