000
CDUS41 KRNK 200930
CLIBLF


CLIMATE REPORT
NATIONAL WEATHER SERVICE BLACKSBURG VA
529 AM EDT SUN MAY 20 2018


...................................

...THE BLUEFIELD WV CLIMATE SUMMARY FOR MAY 19 2018...

CLIMATE NORMAL PERIOD 1981 TO 2010
CLIMATE RECORD PERIOD 1959 TO 2018


WEATHER ITEM   OBSERVED TIME   RECORD YEAR NORMAL DEPARTURE LAST
                VALUE   (LST)  VALUE       VALUE  FROM      YEAR
                                                  NORMAL
..................................................................
TEMPERATURE (F)
 YESTERDAY
  MAXIMUM         75    334 PM  88    1996  73      2       75
  MINIMUM         60    935 PM  31    2002  54      6       60
  AVERAGE         68                        63      5       68

PRECIPITATION (IN)
  YESTERDAY        0.54          1.61 1981   0.13   0.41     0.02
  MONTH TO DATE    4.29                      2.54   1.75     3.42
  SINCE MAR 1     12.37                      9.39   2.98    11.63
  SINCE JAN 1     19.05                     15.05   4.00    17.44

SNOWFALL (IN)
  YESTERDAY        0.0                                       0.0
  MONTH TO DATE    0.0                                       0.0
  SINCE MAR 1     33.8                                       3.3
  SINCE JUL 1     48.5                                      20.5
  SNOW DEPTH       0

DEGREE DAYS
 HEATING
  YESTERDAY        0                         4     -4        0
  MONTH TO DATE   38                       100    -62      142
  SINCE MAR 1   1391                      1037    354     1084
  SINCE JUL 1   5121                      4530    591     4216

 COOLING
  YESTERDAY        3                         2      1        3
  MONTH TO DATE   44                        29     15       24
  SINCE MAR 1     48                        57     -9       46
  SINCE JAN 1     50                        57     -7       46
..................................................................


WIND (MPH)
  HIGHEST WIND SPEED    25   HIGHEST WIND DIRECTION    SW (230)
  HIGHEST GUST SPEED    33   HIGHEST GUST DIRECTION    SW (240)
  AVERAGE WIND SPEED     6.9


SKY COVER
  AVERAGE SKY COVER 0.6


WEATHER CONDITIONS
 THE FOLLOWING WEATHER WAS RECORDED YESTERDAY.
  THUNDERSTORM
  HEAVY RAIN
  RAIN
  LIGHT RAIN
  FOG


RELATIVE HUMIDITY (PERCENT)
 HIGHEST    93          1200 AM
 LOWEST     64           400 PM
 AVERAGE    79

..........................................................


THE BLUEFIELD WV CLIMATE NORMALS FOR TODAY
                         NORMAL    RECORD    YEAR
 MAXIMUM TEMPERATURE (F)   73        87      1996
 MINIMUM TEMPERATURE (F)   54        32      2002


SUNRISE AND SUNSET
MAY 20 2018...........SUNRISE   612 AM EDT   SUNSET   831 PM EDT
MAY 21 2018...........SUNRISE   612 AM EDT   SUNSET   832 PM EDT


-  INDICATES NEGATIVE NUMBERS.
R  INDICATES RECORD WAS SET OR TIED.
MM INDICATES DATA IS MISSING.
T  INDICATES TRACE AMOUNT.

$$

RAB
