000
CDUS45 KBOI 210931
CLIBNO


CLIMATE REPORT
NATIONAL WEATHER SERVICE BOISE ID
331 AM MDT SAT APR 21 2018


...................................

...THE BURNS OR CLIMATE SUMMARY FOR APRIL 20 2018...

CLIMATE NORMAL PERIOD 1981 TO 2010
CLIMATE RECORD PERIOD 1938 TO 2018


WEATHER ITEM   OBSERVED TIME   RECORD YEAR NORMAL DEPARTURE LAST
                VALUE   (LST)  VALUE       VALUE  FROM      YEAR
                                                  NORMAL
..................................................................
TEMPERATURE (F)
 YESTERDAY
  MAXIMUM         66    458 PM  79    2009  58      8       51
                                      1994
  MINIMUM         29    241 AM  13    2008  30     -1       29
  AVERAGE         48                        44      4       40

PRECIPITATION (IN)
  YESTERDAY        0.00          0.28 2010   0.03  -0.03     0.09
  MONTH TO DATE    0.53                      0.62  -0.09     0.80
  SINCE OCT 1      5.93                      7.42  -1.49    11.01
  SINCE JAN 1      3.27                      3.92  -0.65     7.50

DEGREE DAYS
 HEATING
  YESTERDAY       17                        21     -4       25
  MONTH TO DATE  458                       458      0      470
  SINCE MAR 1   1336                      1315     21     1265
  SINCE JUL 1   6609                      6843   -234     7139

 COOLING
  YESTERDAY        0                         0      0        0
  MONTH TO DATE    0                         0      0        0
  SINCE MAR 1      0                         0      0        0
  SINCE JAN 1      0                         0      0        0
..................................................................


WIND (MPH)
  HIGHEST WIND SPEED    15   HIGHEST WIND DIRECTION    SW (220)
  HIGHEST GUST SPEED    20   HIGHEST GUST DIRECTION    NW (320)
  AVERAGE WIND SPEED     8.2


SKY COVER
  POSSIBLE SUNSHINE  MM
  AVERAGE SKY COVER 0.0


WEATHER CONDITIONS
 THE FOLLOWING WEATHER WAS RECORDED YESTERDAY.
  NO SIGNIFICANT WEATHER WAS OBSERVED.


RELATIVE HUMIDITY (PERCENT)
 HIGHEST    72           200 AM
 LOWEST     19           100 PM
 AVERAGE    46

..........................................................


THE BURNS OR CLIMATE NORMALS FOR TODAY
                         NORMAL    RECORD    YEAR
 MAXIMUM TEMPERATURE (F)   58        83      2009
 MINIMUM TEMPERATURE (F)   30        11      2008


SUNRISE AND SUNSET
APRIL 21 2018.........SUNRISE   603 AM PDT   SUNSET   746 PM PDT
APRIL 22 2018.........SUNRISE   602 AM PDT   SUNSET   748 PM PDT


-  INDICATES NEGATIVE NUMBERS.
R  INDICATES RECORD WAS SET OR TIED.
MM INDICATES DATA IS MISSING.
T  INDICATES TRACE AMOUNT.




$$
