000
CDUS45 KBOI 220931
CLIBOI


CLIMATE REPORT
NATIONAL WEATHER SERVICE BOISE ID
331 AM MDT SUN APR 22 2018


...................................

...THE BOISE ID CLIMATE SUMMARY FOR APRIL 21 2018...

CLIMATE NORMAL PERIOD 1981 TO 2010
CLIMATE RECORD PERIOD 1875 TO 2018


WEATHER ITEM   OBSERVED TIME   RECORD YEAR NORMAL DEPARTURE LAST
                VALUE   (LST)  VALUE       VALUE  FROM      YEAR
                                                  NORMAL
..................................................................
TEMPERATURE (F)
 YESTERDAY
  MAXIMUM         70    446 PM  87    2016  64      6       59
                                      1934
  MINIMUM         44    637 AM  23    1968  40      4       34
  AVERAGE         57                        52      5       47

PRECIPITATION (IN)
  YESTERDAY        0.00          0.58 2011   0.04  -0.04     0.00
  MONTH TO DATE    0.98                      0.85   0.13     1.32
  SINCE OCT 1      8.18                      8.12   0.06    11.86
  SINCE JAN 1      4.79                      4.47   0.32     8.36

SNOWFALL (IN)
  YESTERDAY        0.0           0.3  1968   0.0    0.0      0.0
  MONTH TO DATE    0.2                       0.3   -0.1      0.1
  SINCE OCT 1     20.1                      19.2    0.9     39.1
  SINCE JUL 1     20.1                      19.2    0.9     39.1
  SNOW DEPTH       0

DEGREE DAYS
 HEATING
  YESTERDAY        8                        13     -5       18
  MONTH TO DATE  300                       321    -21      330
  SINCE MAR 1    940                       957    -17      822
  SINCE JUL 1   4941                      5116   -175     5109

 COOLING
  YESTERDAY        0                         0      0        0
  MONTH TO DATE    0                         0      0        0
  SINCE MAR 1      0                         0      0        0
  SINCE JAN 1      0                         0      0        0
..................................................................


WIND (MPH)
  HIGHEST WIND SPEED    18   HIGHEST WIND DIRECTION    NW (320)
  HIGHEST GUST SPEED    25   HIGHEST GUST DIRECTION    NW (310)
  AVERAGE WIND SPEED     8.8


SKY COVER
  POSSIBLE SUNSHINE  MM
  AVERAGE SKY COVER 0.1


WEATHER CONDITIONS
 THE FOLLOWING WEATHER WAS RECORDED YESTERDAY.
  NO SIGNIFICANT WEATHER WAS OBSERVED.


RELATIVE HUMIDITY (PERCENT)
 HIGHEST    62           600 AM
 LOWEST     26           200 PM
 AVERAGE    44

..........................................................


THE BOISE ID CLIMATE NORMALS FOR TODAY
                         NORMAL    RECORD    YEAR
 MAXIMUM TEMPERATURE (F)   64        91      2012
 MINIMUM TEMPERATURE (F)   40        24      1968


SUNRISE AND SUNSET
APRIL 22 2018.........SUNRISE   651 AM MDT   SUNSET   837 PM MDT
APRIL 23 2018.........SUNRISE   649 AM MDT   SUNSET   838 PM MDT


-  INDICATES NEGATIVE NUMBERS.
R  INDICATES RECORD WAS SET OR TIED.
MM INDICATES DATA IS MISSING.
T  INDICATES TRACE AMOUNT.




$$
