440
CDUS45 KRIW 220733
CLIBPI


CLIMATE REPORT
NATIONAL WEATHER SERVICE RIVERTON WY
132 AM MDT SUN APR 22 2018


...................................

...THE BIG PINEY WY CLIMATE SUMMARY FOR APRIL 21 2018...

CLIMATE NORMAL PERIOD 1981 TO 2010
CLIMATE RECORD PERIOD 1976 TO 2018


WEATHER ITEM   OBSERVED TIME   RECORD YEAR NORMAL DEPARTURE LAST
                VALUE   (LST)  VALUE       VALUE  FROM      YEAR
                                                  NORMAL
..................................................................
TEMPERATURE (F)
 YESTERDAY
  MAXIMUM         63    321 PM  75    1994  54      9       48
  MINIMUM         18    556 AM   4    2008  23     -5       28
  AVERAGE         41                        38      3       38

PRECIPITATION (IN)
  YESTERDAY        0.00          0.26 2010   0.02  -0.02     0.00
  MONTH TO DATE    0.22                      0.34  -0.12     0.84
  SINCE MAR 1      0.49                      0.78  -0.29     2.29
  SINCE JAN 1      0.54                      1.44  -0.90     4.03

DEGREE DAYS
 HEATING
  YESTERDAY       24                        26     -2       27
  MONTH TO DATE  628                       610     18      589
  SINCE MAR 1   1753                      1782    -29     1700
  SINCE JUL 1   8250                      9305  -1055     9130

 COOLING
  YESTERDAY        0                         0      0        0
  MONTH TO DATE    0                         0      0        0
  SINCE MAR 1      0                         0      0        0
  SINCE JAN 1      0                         0      0        0
..................................................................


WIND (MPH)
  HIGHEST WIND SPEED    25   HIGHEST WIND DIRECTION     N (340)
  HIGHEST GUST SPEED    31   HIGHEST GUST DIRECTION     N (340)
  AVERAGE WIND SPEED     9.1


SKY COVER
  POSSIBLE SUNSHINE  MM
  AVERAGE SKY COVER 0.1


WEATHER CONDITIONS
 THE FOLLOWING WEATHER WAS RECORDED YESTERDAY.
  FOG


RELATIVE HUMIDITY (PERCENT)
 HIGHEST   100           600 AM
 LOWEST     16           100 PM
 AVERAGE    58

..........................................................


THE BIG PINEY WY CLIMATE NORMALS FOR TODAY
                         NORMAL    RECORD    YEAR
 MAXIMUM TEMPERATURE (F)   54        75      2012
 MINIMUM TEMPERATURE (F)   23        10      2008


SUNRISE AND SUNSET
APRIL 22 2018.........SUNRISE   628 AM MDT   SUNSET   810 PM MDT
APRIL 23 2018.........SUNRISE   627 AM MDT   SUNSET   812 PM MDT


-  INDICATES NEGATIVE NUMBERS.
R  INDICATES RECORD WAS SET OR TIED.
MM INDICATES DATA IS MISSING.
T  INDICATES TRACE AMOUNT.




$$
