007
CDAK49 PAFG 240954 CCA
CLIBRW

CLIMATE REPORT...CORRECTED
NATIONAL WEATHER SERVICE FAIRBANKS AK
154 AM AKDT TUE APR 24 2018


...................................

...THE BARROW AK CLIMATE SUMMARY FOR APRIL 23 2018...

CLIMATE NORMAL PERIOD 1981 TO 2010
CLIMATE RECORD PERIOD 1920 TO 2018


WEATHER ITEM   OBSERVED TIME   RECORD YEAR NORMAL DEPARTURE LAST
                VALUE   (LST)  VALUE       VALUE  FROM      YEAR
                                                  NORMAL
..................................................................
TEMPERATURE (F)
 YESTERDAY
  MAXIMUM          M            40    1931  14               19
  MINIMUM          M           -28    1984   0               -3
  AVERAGE          M                         7               8

PRECIPITATION (IN)
  YESTERDAY        T             0.12 2014   0.00   0.00     0.00
  MONTH TO DATE    0.02                      0.12  -0.10      T
  SINCE MAR 1      0.60                      0.21   0.39     0.30
  SINCE JAN 1      1.00                      0.48   0.52     1.17

SNOWFALL (IN)
  YESTERDAY        T             1.5  2014   0.2   -0.2      0.0
  MONTH TO DATE    0.3                       2.5   -2.2      0.2
  SINCE MAR 1      6.2                       4.6    1.6      2.6
  SINCE JUL 1     33.4                      33.6   -0.2     29.5
  SNOW DEPTH      11

DEGREE DAYS
 HEATING
  YESTERDAY       60                        58      2       57
  MONTH TO DATE 1286                      1508   -222     1335
  SINCE MAR 1   3313                      3915   -602     3572
  SINCE JUL 1  13916                     16772  -2856    14534

 COOLING
  YESTERDAY        0                         0      0        0
  MONTH TO DATE    0                         0      0        0
  SINCE MAR 1      0                         0      0        0
  SINCE JAN 1      0                         0      0        0
..................................................................


WIND (MPH)
  HIGHEST GUST SPEED    25   HIGHEST GUST DIRECTION     E (70)


SKY COVER
  AVERAGE SKY COVER 0.2


WEATHER CONDITIONS
 THE FOLLOWING WEATHER WAS RECORDED YESTERDAY.
  LIGHT SNOW
  FOG
  HAZE


RELATIVE HUMIDITY (PERCENT)
 HIGHEST    91
 LOWEST     80
 AVERAGE    86

..........................................................


THE BARROW AK CLIMATE NORMALS FOR TODAY
                         NORMAL    RECORD    YEAR
 MAXIMUM TEMPERATURE (F)   14        42      1936
 MINIMUM TEMPERATURE (F)    1       -25      1922


SUNRISE AND SUNSET
APRIL 24 2018.........SUNRISE   520 AM AKDT  SUNSET  1136 PM AKDT
APRIL 25 2018.........SUNRISE   513 AM AKDT  SUNSET  1142 PM AKDT

-  INDICATES NEGATIVE NUMBERS.
R  INDICATES RECORD WAS SET OR TIED.
MM INDICATES DATA IS MISSING.
T  INDICATES TRACE AMOUNT.

&&

SNOW DEPTH IS MEASURED AT 3AM AKST/4AM AKDT.

----------------------------
AVAILABLE DAYLIGHT

AMOUNT OF DAYLIGHT TODAY  (HOUR:MIN)........18:17
GAIN/LOSS SINCE YESTERDAY (HOUR:MIN:SEC)....+0:11:53

$$
APR 18
