000
CDUS45 KMSO 240739
CLIBTM


CLIMATE REPORT
NATIONAL WEATHER SERVICE MISSOULA, MT
138 AM MDT TUE APR 24 2018


...................................

...THE BUTTE MT CLIMATE SUMMARY FOR APRIL 23 2018...

CLIMATE NORMAL PERIOD 1981 TO 2010
CLIMATE RECORD PERIOD 1895 TO 2018


WEATHER ITEM   OBSERVED TIME   RECORD YEAR NORMAL DEPARTURE LAST
                VALUE   (LST)  VALUE       VALUE  FROM      YEAR
                                                  NORMAL
..................................................................
TEMPERATURE (F)
 YESTERDAY
  MAXIMUM         43   1230 AM  77    2012  54    -11       54
  MINIMUM         28   1159 PM  10    2013  28      0       37
  AVERAGE         36                        41     -5       46

PRECIPITATION (IN)
  YESTERDAY        0.11          1.03 1979   0.04   0.07      T
  MONTH TO DATE    1.23                      0.86   0.37     1.21
  SINCE OCT 1      4.36                      4.41  -0.05     6.15
  SINCE JAN 1      2.92                      2.52   0.40     2.93

SNOWFALL (IN)
  YESTERDAY       MM
  MONTH TO DATE   MM
  SINCE JAN 1     MM
  SINCE JUL 1     MM
  SNOW DEPTH      MM

DEGREE DAYS
 HEATING
  YESTERDAY       29                        24      5       19
  MONTH TO DATE  638                       619     19      585
  SINCE MAR 1   1715                      1661     54     1426
  SINCE JUL 1   8203                      8230    -27     8210

 COOLING
  YESTERDAY        0                         0      0        0
  MONTH TO DATE    0                         0      0        0
  SINCE MAR 1      0                         0      0        0
  SINCE JAN 1      0                         0      0        0
..................................................................


WIND (MPH)
  HIGHEST WIND SPEED    17   HIGHEST WIND DIRECTION     N (10)
  HIGHEST GUST SPEED    22   HIGHEST GUST DIRECTION    NE (30)
  AVERAGE WIND SPEED     7.2


SKY COVER
  POSSIBLE SUNSHINE  MM
  AVERAGE SKY COVER 0.9


WEATHER CONDITIONS
 THE FOLLOWING WEATHER WAS RECORDED YESTERDAY.
  LIGHT SNOW
  FOG


RELATIVE HUMIDITY (PERCENT)
 HIGHEST    92           800 AM
 LOWEST     53          1200 AM
 AVERAGE    73

..........................................................


THE BUTTE MT CLIMATE NORMALS FOR TODAY
                         NORMAL    RECORD    YEAR
 MAXIMUM TEMPERATURE (F)   54        77      1910
 MINIMUM TEMPERATURE (F)   28        13      1958


SUNRISE AND SUNSET
APRIL 24 2018.........SUNRISE   628 AM MDT   SUNSET   829 PM MDT
APRIL 25 2018.........SUNRISE   626 AM MDT   SUNSET   830 PM MDT


-  INDICATES NEGATIVE NUMBERS.
R  INDICATES RECORD WAS SET OR TIED.
MM INDICATES DATA IS MISSING.
T  INDICATES TRACE AMOUNT.




$$
