000
CDUS44 KLIX 202130
CLIBTR


CLIMATE REPORT
NATIONAL WEATHER SERVICE NEW ORLEANS
NATIONAL WEATHER SERVICE NEW ORL
427 PM CDT FRI APR 20 2018


...................................

...THE BATON ROUGE  ASOS CLIMATE SUMMARY FOR APRIL 20 2018...
VALID TODAY AS OF 0400 PM LOCAL TIME.

CLIMATE NORMAL PERIOD 1981 TO 2010
CLIMATE RECORD PERIOD 1894 TO 2018


WEATHER ITEM   OBSERVED TIME   RECORD YEAR NORMAL DEPARTURE LAST
                VALUE   (LST)  VALUE       VALUE  FROM      YEAR
                                                  NORMAL
..................................................................
TEMPERATURE (F)
 TODAY
  MAXIMUM         69    259 PM  93    1908  80    -11       86
  MINIMUM         45    555 AM  39    2013  58    -13       67
  AVERAGE         57

PRECIPITATION (IN)
  TODAY            0.00          3.23 1935   0.15  -0.15     0.03
  MONTH TO DATE    4.81                      3.07   1.74     4.21
  SINCE MAR 1      9.89                      7.48   2.41     7.95
  SINCE JAN 1     21.08                     18.24   2.84    19.38

SNOWFALL (IN)
  TODAY            0.0
  MONTH TO DATE    0.0
  SINCE MAR 1      0.0
  SINCE JUL 1      4.0
  SNOW DEPTH       0

DEGREE DAYS
 HEATING
  TODAY            8                         1      7        0
  MONTH TO DATE   71                        44     27        6
  SINCE MAR 1    201                       211    -10       90
  SINCE JUL 1   1486                      1546    -60      794

 COOLING
  TODAY            0                         5     -5       12
  MONTH TO DATE   31                        80    -49      122
  SINCE MAR 1    112                       138    -26      260
  SINCE JAN 1    231                       169     62      403
..................................................................


WIND (MPH)
  HIGHEST WIND SPEED    15   HIGHEST WIND DIRECTION    NE (50)
  HIGHEST GUST SPEED    19   HIGHEST GUST DIRECTION     E (80)
  AVERAGE WIND SPEED     8.1


SKY COVER
  POSSIBLE SUNSHINE  MM
  AVERAGE SKY COVER 0.0


WEATHER CONDITIONS
 THE FOLLOWING WEATHER WAS RECORDED TODAY.
  NO SIGNIFICANT WEATHER WAS OBSERVED.


RELATIVE HUMIDITY (PERCENT)
 HIGHEST    83           600 AM
 LOWEST     35           200 PM
 AVERAGE    59

..........................................................


THE BATON ROUGE  ASOS CLIMATE NORMALS FOR TOMORROW
                         NORMAL    RECORD    YEAR
 MAXIMUM TEMPERATURE (F)   80        92      1987
 MINIMUM TEMPERATURE (F)   58        41      1953
                                             1934
                                             1901


SUNRISE AND SUNSET
APRIL 20 2018.........SUNRISE   632 AM CDT   SUNSET   736 PM CDT
APRIL 21 2018.........SUNRISE   631 AM CDT   SUNSET   736 PM CDT


-  INDICATES NEGATIVE NUMBERS.
R  INDICATES RECORD WAS SET OR TIED.
MM INDICATES DATA IS MISSING.
T  INDICATES TRACE AMOUNT.




$$
