000
CDUS45 KABQ 230844
CLICAO


CLIMATE REPORT
NATIONAL WEATHER SERVICE ALBUQUERQUE NM
244 AM MDT WED MAY 23 2018


...................................

...THE CLAYTON  NM CLIMATE SUMMARY FOR MAY 22 2018...

CLIMATE NORMAL PERIOD 1981 TO 2010
CLIMATE RECORD PERIOD 1896 TO 2018


WEATHER ITEM   OBSERVED TIME   RECORD YEAR NORMAL DEPARTURE
                VALUE   (LST)  VALUE       VALUE  FROM
                                                  NORMAL
...............................................................
TEMPERATURE (F)
 YESTERDAY
  MAXIMUM         78    315 PM  93    2012  77      1
  MINIMUM         54    139 AM  33    1938  49      5
                                      1910
  AVERAGE         66                        63      3

PRECIPITATION (IN)
  YESTERDAY        0.44          1.05 1941   0.07   0.37
  MONTH TO DATE    1.22                      1.24  -0.02
  SINCE MAR 1      2.30                      3.13  -0.83
  SINCE JAN 1      2.33                      3.75  -1.42

SNOWFALL (IN)
  YESTERDAY        0.0
  MONTH TO DATE    0.0
  SINCE MAR 1      T
  SINCE JUL 1      0.8

DEGREE DAYS
 HEATING
  YESTERDAY        0                         4     -4
  MONTH TO DATE   48                       129    -81
  SINCE MAR 1   1064                      1158    -94
  SINCE JUL 1   4444                      4835   -391

 COOLING
  YESTERDAY        1                         2     -1
  MONTH TO DATE   65                        25     40
  SINCE MAR 1     73                        31     42
  SINCE JAN 1     73                        31     42
...............................................................


WIND (MPH)
  HIGHEST WIND SPEED    30   HIGHEST WIND DIRECTION     S (170)
  HIGHEST GUST SPEED    38   HIGHEST GUST DIRECTION     S (170)
  AVERAGE WIND SPEED    15.4


SKY COVER
  AVERAGE SKY COVER 0.2


WEATHER CONDITIONS
 THE FOLLOWING WEATHER WAS RECORDED YESTERDAY.
  THUNDERSTORM
  RAIN
  LIGHT RAIN
  FOG
  HAZE


RELATIVE HUMIDITY (PERCENT)
 HIGHEST    93           400 AM
 LOWEST     43           500 PM
 AVERAGE    68

..........................................................


THE CLAYTON  NM CLIMATE NORMALS FOR TODAY
                         NORMAL    RECORD    YEAR
 MAXIMUM TEMPERATURE (F)   78        96      2000
 MINIMUM TEMPERATURE (F)   50        36      1957


SUNRISE AND SUNSET
MAY 23 2018...........SUNRISE   540 AM MDT   SUNSET   759 PM MDT
MAY 24 2018...........SUNRISE   540 AM MDT   SUNSET   800 PM MDT


-  INDICATES NEGATIVE NUMBERS.
R  INDICATES RECORD WAS SET OR TIED.
MM INDICATES DATA IS MISSING.
T  INDICATES TRACE AMOUNT.




$$
