000
CDUS42 KCHS 240616
CLICHS


CLIMATE REPORT
NATIONAL WEATHER SERVICE CHARLESTON SC
214 AM EDT THU MAY 24 2018


...................................

...THE NORTH CHARLESTON SC CLIMATE SUMMARY FOR MAY 23 2018...

CLIMATE NORMAL PERIOD 1981 TO 2010
CLIMATE RECORD PERIOD 1938 TO 2018


WEATHER ITEM   OBSERVED TIME   RECORD YEAR NORMAL DEPARTURE LAST
                VALUE   (LST)  VALUE       VALUE  FROM      YEAR
                                                  NORMAL
..................................................................
TEMPERATURE (F)
 YESTERDAY
  MAXIMUM         88    259 PM  97    2014  85      3       81
  MINIMUM         71    429 AM  47    1954  64      7       67
  AVERAGE         80                        74      6       74

PRECIPITATION (IN)
  YESTERDAY        T             4.86 1976   0.11  -0.11     1.26
  MONTH TO DATE    6.03                      2.11   3.92     3.43
  SINCE MAR 1     12.37                      8.73   3.64    10.67
  SINCE JAN 1     16.54                     15.40   1.14    14.85

DEGREE DAYS
 HEATING
  YESTERDAY        0                         0      0        0
  MONTH TO DATE    0                         8     -8        3
  SINCE MAR 1    378                       335     43      260
  SINCE JUL 1   1826                      1971   -145     1228

 COOLING
  YESTERDAY       15                        10      5        9
  MONTH TO DATE  236                       161     75      199
  SINCE MAR 1    329                       272     57      440
  SINCE JAN 1    391                       279    112      475
..................................................................


WIND (MPH)
  HIGHEST WIND SPEED    16   HIGHEST WIND DIRECTION     S (200)
  HIGHEST GUST SPEED    20   HIGHEST GUST DIRECTION     S (170)
  AVERAGE WIND SPEED     8.0


SKY COVER
  POSSIBLE SUNSHINE  MM
  AVERAGE SKY COVER 0.5


WEATHER CONDITIONS
 THE FOLLOWING WEATHER WAS RECORDED YESTERDAY.
  THUNDERSTORM
  LIGHT RAIN


RELATIVE HUMIDITY (PERCENT)
 HIGHEST    94           700 AM
 LOWEST     53           100 PM
 AVERAGE    74

..........................................................


THE NORTH CHARLESTON SC CLIMATE NORMALS FOR TODAY
                         NORMAL    RECORD    YEAR
 MAXIMUM TEMPERATURE (F)   85        97      1953
 MINIMUM TEMPERATURE (F)   64        50      1954


SUNRISE AND SUNSET
MAY 24 2018...........SUNRISE   616 AM EDT   SUNSET   819 PM EDT
MAY 25 2018...........SUNRISE   615 AM EDT   SUNSET   819 PM EDT


-  INDICATES NEGATIVE NUMBERS.
R  INDICATES RECORD WAS SET OR TIED.
MM INDICATES DATA IS MISSING.
T  INDICATES TRACE AMOUNT.




$$
