000
CDUS44 KHGX 260717
CLICLL


CLIMATE REPORT
NATIONAL WEATHER SERVICE HOUSTON/GALVESTON TX
216 AM CDT THU APR 26 2018


...................................

...THE COLLEGE STATION CLIMATE SUMMARY FOR APRIL 25 2018...

CLIMATE NORMAL PERIOD 1981 TO 2010
CLIMATE RECORD PERIOD 1902 TO 2018


WEATHER ITEM   OBSERVED TIME   RECORD YEAR NORMAL DEPARTURE LAST
                VALUE   (LST)  VALUE       VALUE  FROM      YEAR
                                                  NORMAL
..................................................................
TEMPERATURE (F)
 YESTERDAY
  MAXIMUM         83   1259 PM  94    1891  81      2       86
  MINIMUM         56   1159 PM  37    1910  61     -5       62
  AVERAGE         70                        71     -1       74

PRECIPITATION (IN)
  YESTERDAY        0.00          2.03 1948   0.11  -0.11     0.00
  MONTH TO DATE    1.48                      2.11  -0.63     2.74
  SINCE MAR 1      7.64                      5.28   2.36     4.50
  SINCE JAN 1     10.56                     11.37  -0.81    11.50

SNOWFALL (IN)
  YESTERDAY        0.0
  MONTH TO DATE    0.0
  SINCE JUL 1      5.0

DEGREE DAYS
 HEATING
  YESTERDAY        0                         1     -1        0
  MONTH TO DATE   71                        45     26       12
  SINCE MAR 1    151                       217    -66       78
  SINCE JUL 1   1518                      1604    -86      847

 COOLING
  YESTERDAY        5                         6     -1        9
  MONTH TO DATE   68                       116    -48      140
  SINCE MAR 1    170                       175     -5      281
  SINCE JAN 1    216                       203     13      412
..................................................................


WIND (MPH)
  HIGHEST WIND SPEED    23   HIGHEST WIND DIRECTION     N (340)
  HIGHEST GUST SPEED    27   HIGHEST GUST DIRECTION     N (10)
  AVERAGE WIND SPEED     8.1


SKY COVER
  AVERAGE SKY COVER 0.2


WEATHER CONDITIONS
 THE FOLLOWING WEATHER WAS RECORDED YESTERDAY.
  HAZE


RELATIVE HUMIDITY (PERCENT)
 HIGHEST    97           500 AM
 LOWEST     50          1000 AM
 AVERAGE    74

..........................................................


THE COLLEGE STATION CLIMATE NORMALS FOR TODAY
                         NORMAL    RECORD    YEAR
 MAXIMUM TEMPERATURE (F)   81        93      1933
 MINIMUM TEMPERATURE (F)   61        40      1887


SUNRISE AND SUNSET
APRIL 26 2018.........SUNRISE   646 AM CDT   SUNSET   800 PM CDT
APRIL 27 2018.........SUNRISE   645 AM CDT   SUNSET   801 PM CDT


-  INDICATES NEGATIVE NUMBERS.
R  INDICATES RECORD WAS SET OR TIED.
MM INDICATES DATA IS MISSING.
T  INDICATES TRACE AMOUNT.




$$
