000
CDUS43 KTOP 262131
CLICNK


CLIMATE REPORT
NATIONAL WEATHER SERVICE TOPEKA KS
430 PM CDT THU APR 26 2018


...................................

...THE CONCORDIA KS CLIMATE SUMMARY FOR APRIL 26 2018...
VALID TODAY AS OF 0400 PM LOCAL TIME.

CLIMATE NORMAL PERIOD 1981 TO 2010
CLIMATE RECORD PERIOD 1885 TO 2018


WEATHER ITEM   OBSERVED TIME   RECORD YEAR NORMAL DEPARTURE LAST
                VALUE   (LST)  VALUE       VALUE  FROM      YEAR
                                                  NORMAL
..................................................................
TEMPERATURE (F)
 TODAY
  MAXIMUM         70    214 PM  98    1989  68      2       50
  MINIMUM         34    614 AM  25    1907  45    -11       35
  AVERAGE         52                        57     -5       43

PRECIPITATION (IN)
  TODAY            0.00          2.17 2009   0.10  -0.10     0.00
  MONTH TO DATE    0.97                      2.06  -1.09     2.95
  SINCE MAR 1      1.55                      4.07  -2.52     6.14
  SINCE JAN 1      2.54                      5.44  -2.90     7.99

SNOWFALL (IN)
  TODAY            0.0           T    1994   0.0    0.0      0.0
  MONTH TO DATE    0.4                       0.5   -0.1      0.0
  SINCE JAN 1      9.8                      13.7   -3.9      2.1
  SINCE JUL 1     11.6                      20.2   -8.6      4.3
  SNOW DEPTH       0

DEGREE DAYS
 HEATING
  TODAY           13                         9      4       22
  MONTH TO DATE  542                       339    203      259
  SINCE MAR 1   1196                      1023    173      828
  SINCE JUL 1   5281                      5230     51     4329

 COOLING
  TODAY            0                         1     -1        0
  MONTH TO DATE    2                        11     -9       15
  SINCE MAR 1      2                        12    -10       19
  SINCE JAN 1      2                        12    -10       19
..................................................................


WIND (MPH)
  HIGHEST WIND SPEED    17   HIGHEST WIND DIRECTION    NW (330)
  HIGHEST GUST SPEED    27   HIGHEST GUST DIRECTION     N (340)
  AVERAGE WIND SPEED     8.1



WEATHER CONDITIONS
 THE FOLLOWING WEATHER WAS RECORDED TODAY.
  FOG


RELATIVE HUMIDITY (PERCENT)
 HIGHEST    92           300 AM
 LOWEST     36           200 PM
 AVERAGE    64

..........................................................


THE CONCORDIA KS CLIMATE NORMALS FOR TOMORROW
                         NORMAL    RECORD    YEAR
 MAXIMUM TEMPERATURE (F)   69        93      1989
 MINIMUM TEMPERATURE (F)   45        29      2017


SUNRISE AND SUNSET
APRIL 26 2018.........SUNRISE   638 AM CDT   SUNSET   820 PM CDT
APRIL 27 2018.........SUNRISE   637 AM CDT   SUNSET   821 PM CDT


-  INDICATES NEGATIVE NUMBERS.
R  INDICATES RECORD WAS SET OR TIED.
MM INDICATES DATA IS MISSING.
T  INDICATES TRACE AMOUNT.




$$
