000
CDUS41 KGYX 260833
CLICON


CLIMATE REPORT
NATIONAL WEATHER SERVICE GRAY ME
423 AM EDT THU APR 26 2018


...................................

...THE CONCORD NH CLIMATE SUMMARY FOR APRIL 25 2018...

CLIMATE NORMAL PERIOD 1981 TO 2010
CLIMATE RECORD PERIOD 1868 TO 2018


WEATHER ITEM   OBSERVED TIME   RECORD YEAR NORMAL DEPARTURE LAST
                VALUE   (LST)  VALUE       VALUE  FROM      YEAR
                                                  NORMAL
..................................................................
TEMPERATURE (F)
 YESTERDAY
  MAXIMUM         56    120 PM  90    2009  62     -6       50
  MINIMUM         48    803 AM  18    1965  36     12       43
  AVERAGE         52                        49      3       47

PRECIPITATION (IN)
  YESTERDAY        0.52          1.58 1945   0.11   0.41     0.55
  MONTH TO DATE    3.67                      2.83   0.84     3.85
  SINCE MAR 1      6.25                      6.10   0.15     7.83
  SINCE JAN 1     13.01                     11.42   1.59    12.78

SNOWFALL (IN)
  YESTERDAY        0.0           6.0  1874   0.0    0.0      0.0
  MONTH TO DATE    1.7                       2.7   -1.0      6.9
  SINCE MAR 1     30.4                      13.8   16.6     29.3
  SINCE JUL 1     87.9                      61.3   26.6     86.3
  SNOW DEPTH       0

DEGREE DAYS
 HEATING
  YESTERDAY       13                        16     -3       18
  MONTH TO DATE  623                       524     99      438
  SINCE MAR 1   1592                      1511     81     1542
  SINCE JUL 1   6389                      6771   -382     6040

 COOLING
  YESTERDAY        0                         0      0        0
  MONTH TO DATE    0                         0      0        2
  SINCE MAR 1      0                         0      0        2
  SINCE JAN 1      0                         0      0        2
..................................................................


WIND (MPH)
  RESULTANT WIND SPEED   4   RESULTANT WIND DIRECTION  SE (130)
  HIGHEST WIND SPEED    14   HIGHEST WIND DIRECTION     E (110)
  HIGHEST GUST SPEED    21   HIGHEST GUST DIRECTION     E (110)
  AVERAGE WIND SPEED     5.2


SKY COVER
  AVERAGE SKY COVER 0.9


WEATHER CONDITIONS
 THE FOLLOWING WEATHER WAS RECORDED YESTERDAY.
  RAIN
  LIGHT RAIN
  FOG


RELATIVE HUMIDITY (PERCENT)
 HIGHEST    96           400 PM
 LOWEST     54          1200 AM
 AVERAGE    75

..........................................................


THE CONCORD NH CLIMATE NORMALS FOR TODAY
                         NORMAL    RECORD    YEAR
 MAXIMUM TEMPERATURE (F)   62        85      1915
                                             1872
 MINIMUM TEMPERATURE (F)   36        19      1893


SUNRISE AND SUNSET
APRIL 26 2018.........SUNRISE   547 AM EDT   SUNSET   742 PM EDT
APRIL 27 2018.........SUNRISE   545 AM EDT   SUNSET   743 PM EDT


-  INDICATES NEGATIVE NUMBERS.
R  INDICATES RECORD WAS SET OR TIED.
MM INDICATES DATA IS MISSING.
T  INDICATES TRACE AMOUNT.




$$
