000
CDUS45 KPUB 231036
CLICOS


CLIMATE REPORT
NATIONAL WEATHER SERVICE PUEBLO
436 AM MDT MON APR 23 2018


...................................

...THE COLORADO SPRINGS CO CLIMATE SUMMARY FOR APRIL 22 2018...

CLIMATE NORMAL PERIOD 1981 TO 2010
CLIMATE RECORD PERIOD 1872 TO 2018


WEATHER ITEM   OBSERVED TIME   RECORD YEAR NORMAL DEPARTURE LAST
                VALUE   (LST)  VALUE       VALUE  FROM      YEAR
                                                  NORMAL
..................................................................
TEMPERATURE (F)
 YESTERDAY
  MAXIMUM         66    411 PM  83    1989  62      4       51
  MINIMUM         31    454 AM  21    1982  35     -4       35
  AVERAGE         49                        48      1       43

PRECIPITATION (IN)
  YESTERDAY        0.00          0.89 1999   0.06  -0.06     0.03
  MONTH TO DATE    1.02                      0.95   0.07     1.85
  SINCE MAR 1      1.62                      1.95  -0.33     2.29
  SINCE JAN 1      2.18                      2.61  -0.43     2.68

SNOWFALL (IN)
  YESTERDAY        0.0           1.8  1909   0.2   -0.2       T
  MONTH TO DATE    4.9                       3.9    1.0      8.9
  SINCE MAR 1      8.0                      12.0   -4.0     10.9
  SINCE JUL 1     21.2                      36.0  -14.8     24.3
  SNOW DEPTH       T

DEGREE DAYS
 HEATING
  YESTERDAY       16                        17     -1       22
  MONTH TO DATE  439                       432      7      324
  SINCE MAR 1   1122                      1237   -115      884
  SINCE JUL 1   5106                      5800   -694     4637

 COOLING
  YESTERDAY        0                         0      0        0
  MONTH TO DATE    0                         0      0        0
  SINCE MAR 1      0                         0      0        0
  SINCE JAN 1      0                         0      0        0
..................................................................


WIND (MPH)
  HIGHEST WIND SPEED    22   HIGHEST WIND DIRECTION     N (10)
  HIGHEST GUST SPEED    31   HIGHEST GUST DIRECTION     N (350)
  AVERAGE WIND SPEED     7.3


SKY COVER
  POSSIBLE SUNSHINE  MM
  AVERAGE SKY COVER 0.5


WEATHER CONDITIONS
 THE FOLLOWING WEATHER WAS RECORDED YESTERDAY.
  FOG
  FOG W/VISIBILITY <= 1/4 MILE


RELATIVE HUMIDITY (PERCENT)
 HIGHEST   100           500 AM
 LOWEST     24           400 PM
 AVERAGE    62

..........................................................


THE COLORADO SPRINGS CO CLIMATE NORMALS FOR TODAY
                         NORMAL    RECORD    YEAR
 MAXIMUM TEMPERATURE (F)   62        81      2006
                                             1989
 MINIMUM TEMPERATURE (F)   35        20      2013
                                             1995
                                             1909


SUNRISE AND SUNSET
APRIL 23 2018.........SUNRISE   611 AM MDT   SUNSET   744 PM MDT
APRIL 24 2018.........SUNRISE   610 AM MDT   SUNSET   745 PM MDT


-  INDICATES NEGATIVE NUMBERS.
R  INDICATES RECORD WAS SET OR TIED.
MM INDICATES DATA IS MISSING.
T  INDICATES TRACE AMOUNT.




$$
