600
CDUS45 KRIW 250737
CLICPR


CLIMATE REPORT
NATIONAL WEATHER SERVICE RIVERTON WY
136 AM MDT FRI MAY 25 2018


...................................

...THE CASPER WY CLIMATE SUMMARY FOR MAY 24 2018...

CLIMATE NORMAL PERIOD 1981 TO 2010
CLIMATE RECORD PERIOD 1939 TO 2018


WEATHER ITEM   OBSERVED TIME   RECORD YEAR NORMAL DEPARTURE LAST
                VALUE   (LST)  VALUE       VALUE  FROM      YEAR
                                                  NORMAL
..................................................................
TEMPERATURE (F)
 YESTERDAY
  MAXIMUM         77    250 PM  86    1967  70      7       81
  MINIMUM         48    448 AM  30    2016  40      8       40
                                      1986
  AVERAGE         63                        55      8       61

PRECIPITATION (IN)
  YESTERDAY        0.00          0.66 2010   0.07  -0.07     0.00
  MONTH TO DATE    1.68                      1.58   0.10     1.81
  SINCE MAR 1      3.71                      3.69   0.02     5.81
  SINCE JAN 1      5.01                      4.77   0.24     7.16

SNOWFALL (IN)
  YESTERDAY        0.0                       0.1   -0.1      0.0
  MONTH TO DATE    0.0                       2.8   -2.8      2.9
  SINCE MAR 1     12.2                      25.3  -13.1     16.5
  SINCE JUL 1     71.7                      74.7   -3.0     70.0
  SNOW DEPTH       0

DEGREE DAYS
 HEATING
  YESTERDAY        2                        10     -8        4
  MONTH TO DATE  261                       336    -75      317
  SINCE MAR 1   1853                      1930    -77     1682
  SINCE JUL 1   7317                      7378    -61     6872

 COOLING
  YESTERDAY        0                         0      0        0
  MONTH TO DATE    0                         0      0        0
  SINCE MAR 1      0                         0      0        0
  SINCE JAN 1      0                         0      0        0
..................................................................


WIND (MPH)
  HIGHEST WIND SPEED    24   HIGHEST WIND DIRECTION     W (290)
  HIGHEST GUST SPEED    30   HIGHEST GUST DIRECTION    NW (300)
  AVERAGE WIND SPEED    11.2


SKY COVER
  POSSIBLE SUNSHINE  MM
  AVERAGE SKY COVER 0.0


WEATHER CONDITIONS
 THE FOLLOWING WEATHER WAS RECORDED YESTERDAY.
  NO SIGNIFICANT WEATHER WAS OBSERVED.


RELATIVE HUMIDITY (PERCENT)
 HIGHEST    89          1100 PM
 LOWEST     29           400 PM
 AVERAGE    59

..........................................................


THE CASPER WY CLIMATE NORMALS FOR TODAY
                         NORMAL    RECORD    YEAR
 MAXIMUM TEMPERATURE (F)   70        85      2006
                                             2003
                                             1969
 MINIMUM TEMPERATURE (F)   40        29      2002


SUNRISE AND SUNSET
MAY 25 2018...........SUNRISE   534 AM MDT   SUNSET   832 PM MDT
MAY 26 2018...........SUNRISE   533 AM MDT   SUNSET   833 PM MDT


-  INDICATES NEGATIVE NUMBERS.
R  INDICATES RECORD WAS SET OR TIED.
MM INDICATES DATA IS MISSING.
T  INDICATES TRACE AMOUNT.




$$
