000
CDUS42 KTAE 210634
CLICTY


CLIMATE REPORT
NATIONAL WEATHER SERVICE TALLAHASSEE FL
234 AM EDT SAT APR 21 2018


...................................

...THE CROSS CITY  CLIMATE SUMMARY FOR APRIL 20 2018...

CLIMATE NORMAL PERIOD 1981 TO 2010
CLIMATE RECORD PERIOD 1948 TO 2018


WEATHER ITEM   OBSERVED TIME   NORMAL DEPARTURE LAST
                VALUE   (LST)  VALUE  FROM      YEAR
                                      NORMAL
......................................................
TEMPERATURE (F)
 YESTERDAY
  MAXIMUM         75   1155 AM  81     -6       86
  MINIMUM         60    515 AM  54      6       55
  AVERAGE         68            68      0

PRECIPITATION (IN)
  YESTERDAY        0.00          0.07  -0.07     0.00
  MONTH TO DATE    6.31          2.35   3.96     2.11
  SINCE MAR 1     10.64          6.56   4.08     2.97
  SINCE JAN 1     18.32         13.87   4.45     5.52

DEGREE DAYS
 HEATING
  YESTERDAY        0             1     -1
  MONTH TO DATE   29            41    -12
  SINCE MAR 1    215           176     39
  SINCE JUL 1   1164          1296   -132

 COOLING
  YESTERDAY        3             4     -1
  MONTH TO DATE   55            62     -7
  SINCE MAR 1     76           109    -33
  SINCE JAN 1    187           136     51
......................................................


WIND (MPH)
  RESULTANT WIND SPEED   9   RESULTANT WIND DIRECTION  NE (40)
  HIGHEST WIND SPEED    14   HIGHEST WIND DIRECTION    NE (40)
  HIGHEST GUST SPEED    20   HIGHEST GUST DIRECTION    NE (60)
  AVERAGE WIND SPEED     9.5



WEATHER CONDITIONS
 THE FOLLOWING WEATHER WAS RECORDED YESTERDAY.
  FOG


RELATIVE HUMIDITY (PERCENT)
 HIGHEST    84
 LOWEST     56

..........................................................




SUNRISE AND SUNSET
APRIL 21 2018.........SUNRISE   700 AM EDT   SUNSET   803 PM EDT
APRIL 22 2018.........SUNRISE   659 AM EDT   SUNSET   804 PM EDT


-  INDICATES NEGATIVE NUMBERS.
R  INDICATES RECORD WAS SET OR TIED.
MM INDICATES DATA IS MISSING.
T  INDICATES TRACE AMOUNT.




$$
