580
CDUS46 KSGX 211131
CLICZZ


CLIMATE REPORT
NATIONAL WEATHER SERVICE SAN DIEGO, CA
430 AM PDT SAT APR 21 2018


...................................

...THE CAMPO ASOS CA CLIMATE SUMMARY FOR APRIL 20 2018...

CLIMATE NORMAL PERIOD 1981 TO 2010
CLIMATE RECORD PERIOD 1948 TO 2018


WEATHER ITEM   OBSERVED TIME   RECORD YEAR NORMAL DEPARTURE LAST
                VALUE   (LST)  VALUE       VALUE  FROM      YEAR
                                                  NORMAL
..................................................................
TEMPERATURE (F)
 YESTERDAY
  MAXIMUM         73    130 PM  88    2009  74     -1       79
                                      1997
  MINIMUM         31    458 AM  24    2002  38     -7       36
                                      1972
  AVERAGE         52                        56     -4       58

PRECIPITATION (IN)
  YESTERDAY        0.00          0.57 1988   0.02  -0.02     0.00
  MONTH TO DATE    0.03                      0.73  -0.70     0.00
  SINCE OCT 1      4.26                     13.85  -9.59    15.69
  SINCE JAN 1      3.91                      9.63  -5.72    10.46

DEGREE DAYS
 HEATING
  YESTERDAY       13                         9      4        7
  MONTH TO DATE  180                       218    -38      202
  SINCE MAR 1    598                       635    -37      511
  SINCE JUL 1   2220                      2686   -466     2421

 COOLING
  YESTERDAY        0                         0      0        0
  MONTH TO DATE    0                         0      0        0
  SINCE MAR 1      0                         0      0        0
  SINCE JAN 1      0                         0      0        0
..................................................................


WIND (MPH)
  RESULTANT WIND SPEED   2   RESULTANT WIND DIRECTION   S (200)
  HIGHEST WIND SPEED    21   HIGHEST WIND DIRECTION    SW (220)
  HIGHEST GUST SPEED    26   HIGHEST GUST DIRECTION    SW (230)
  AVERAGE WIND SPEED     6.9


SKY COVER
  POSSIBLE SUNSHINE  MM
  AVERAGE SKY COVER 0.0



RELATIVE HUMIDITY (PERCENT)
 HIGHEST   100           300 AM
 LOWEST     22          1100 AM
 AVERAGE    61

..........................................................


THE CAMPO ASOS CA CLIMATE NORMALS FOR TODAY
                         NORMAL    RECORD    YEAR
 MAXIMUM TEMPERATURE (F)   74        91      2009
 MINIMUM TEMPERATURE (F)   38        25      1973


SUNRISE AND SUNSET
APRIL 21 2018.........SUNRISE   609 AM PDT   SUNSET   720 PM PDT
APRIL 22 2018.........SUNRISE   608 AM PDT   SUNSET   721 PM PDT


-  INDICATES NEGATIVE NUMBERS.
R  INDICATES RECORD WAS SET OR TIED.
MM INDICATES DATA IS MISSING.
T  INDICATES TRACE AMOUNT.




$$
