000
CDUS41 KILN 260538
CLIDAY


CLIMATE REPORT
NATIONAL WEATHER SERVICE WILMINGTON OH
137 AM EDT SAT MAY 26 2018


...................................

...THE DAYTON OH CLIMATE SUMMARY FOR MAY 25 2018...

CLIMATE NORMAL PERIOD 1981 TO 2010
CLIMATE RECORD PERIOD 1869 TO 2018


WEATHER ITEM   OBSERVED TIME   RECORD YEAR NORMAL DEPARTURE LAST
                VALUE   (LST)  VALUE       VALUE  FROM      YEAR
                                                  NORMAL
..................................................................
TEMPERATURE (F)
 YESTERDAY
  MAXIMUM         85    358 PM  92    1939  74     11       70
  MINIMUM         57    547 AM  33    1925  54      3       58
  AVERAGE         71                        64      7       64

PRECIPITATION (IN)
  YESTERDAY        0.00          1.56 1939   0.15  -0.15     0.04
  MONTH TO DATE    1.53                      3.75  -2.22     4.95
  SINCE MAR 1      9.87                     11.18  -1.31    15.36
  SINCE JAN 1     18.18                     16.13   2.05    20.30

SNOWFALL (IN)
  YESTERDAY        0.0           0.0    MM   0.0    0.0      0.0
  MONTH TO DATE    0.0                       0.0    0.0      0.0
  SINCE MAR 1      9.2                       4.0    5.2      1.3
  SINCE JUL 1     26.7                      23.3    3.4      8.5
  SNOW DEPTH       0

DEGREE DAYS
 HEATING
  YESTERDAY        0                         4     -4        1
  MONTH TO DATE   15                       151   -136      160
  SINCE MAR 1   1459                      1327    132     1125
  SINCE JUL 1   5567                      5602    -35     4555

 COOLING
  YESTERDAY        6                         3      3        0
  MONTH TO DATE  112                        41     71       39
  SINCE MAR 1    119                        51     68       72
  SINCE JAN 1    122                        51     71       72
..................................................................


WIND (MPH)
  RESULTANT WIND SPEED   5   RESULTANT WIND DIRECTION  SW (210)
  HIGHEST WIND SPEED    14   HIGHEST WIND DIRECTION     S (200)
  HIGHEST GUST SPEED    21   HIGHEST GUST DIRECTION    SW (220)
  AVERAGE WIND SPEED     5.9



WEATHER CONDITIONS
 THE FOLLOWING WEATHER WAS RECORDED YESTERDAY.
  NO SIGNIFICANT WEATHER WAS OBSERVED.


RELATIVE HUMIDITY (PERCENT)
 HIGHEST    86           500 AM
 LOWEST     34           200 PM
 AVERAGE    60

..........................................................


THE DAYTON OH CLIMATE NORMALS FOR TODAY
                         NORMAL    RECORD    YEAR
 MAXIMUM TEMPERATURE (F)   74        95      1911
 MINIMUM TEMPERATURE (F)   55        37      1983
                                             1897


SUNRISE AND SUNSET
MAY 26 2018...........SUNRISE   613 AM EDT   SUNSET   855 PM EDT
MAY 27 2018...........SUNRISE   613 AM EDT   SUNSET   856 PM EDT


-  INDICATES NEGATIVE NUMBERS.
R  INDICATES RECORD WAS SET OR TIED.
MM INDICATES DATA IS MISSING.
T  INDICATES TRACE AMOUNT.




$$
