000
CDUS43 KDVN 200936
CLIDBQ


CLIMATE REPORT
NATIONAL WEATHER SERVICE QUAD CITIES IA IL
434 AM CDT FRI APR 20 2018


...................................

...THE DUBUQUE IA CLIMATE SUMMARY FOR APRIL 19 2018...

CLIMATE NORMAL PERIOD 1981 TO 2010
CLIMATE RECORD PERIOD 1873 TO 2018


WEATHER ITEM   OBSERVED TIME   RECORD YEAR NORMAL DEPARTURE LAST
                VALUE   (LST)  VALUE       VALUE  FROM      YEAR
                                                  NORMAL
..................................................................
TEMPERATURE (F)
 YESTERDAY
  MAXIMUM         49    418 PM  83    1985  60    -11       65
                                      1946
  MINIMUM         24    431 AM  22    1988  39    -15       50
  AVERAGE         37                        50    -13       58

PRECIPITATION (IN)
  YESTERDAY        0.00          1.98 1877   0.13  -0.13      T
  MONTH TO DATE    1.59                      2.22  -0.63     3.75
  SINCE MAR 1      3.43                      4.63  -1.20     5.88
  SINCE JAN 1      7.48                      7.24   0.24     9.69

SNOWFALL (IN)
  YESTERDAY        0.0          MM      MM   0.0    0.0      0.0
  MONTH TO DATE    8.6                       1.6    7.0       T
  SINCE MAR 1     16.2                       7.9    8.3      4.5
  SINCE JUL 1     38.2                      41.5   -3.3     27.1
  SNOW DEPTH       3

DEGREE DAYS
 HEATING
  YESTERDAY       28                        16     12        7
  MONTH TO DATE  633                       362    271      244
  SINCE MAR 1   1587                      1280    307     1133
  SINCE JUL 1   6892                      6673    219     5614

 COOLING
  YESTERDAY        0                         0      0        0
  MONTH TO DATE    0                         0      0        5
  SINCE MAR 1      0                         0      0        5
  SINCE JAN 1      0                         0      0        5
..................................................................


WIND (MPH)
  HIGHEST WIND SPEED    16   HIGHEST WIND DIRECTION    NW (300)
  HIGHEST GUST SPEED    21   HIGHEST GUST DIRECTION    NW (300)
  AVERAGE WIND SPEED     6.9


SKY COVER
  POSSIBLE SUNSHINE  MM
  AVERAGE SKY COVER 0.2


WEATHER CONDITIONS
 THE FOLLOWING WEATHER WAS RECORDED YESTERDAY.
  NO SIGNIFICANT WEATHER WAS OBSERVED.


RELATIVE HUMIDITY (PERCENT)
 HIGHEST    92          1200 AM
 LOWEST     39           400 PM
 AVERAGE    66

..........................................................


THE DUBUQUE IA CLIMATE NORMALS FOR TODAY
                         NORMAL    RECORD    YEAR
 MAXIMUM TEMPERATURE (F)   61        86      1987
 MINIMUM TEMPERATURE (F)   40        26      1956


SUNRISE AND SUNSET
APRIL 20 2018.........SUNRISE   614 AM CDT   SUNSET   750 PM CDT
APRIL 21 2018.........SUNRISE   612 AM CDT   SUNSET   751 PM CDT


-  INDICATES NEGATIVE NUMBERS.
R  INDICATES RECORD WAS SET OR TIED.
MM INDICATES DATA IS MISSING.
T  INDICATES TRACE AMOUNT.




$$
