000
CDUS44 KFWD 190642
CLIDFW


CLIMATE REPORT
NATIONAL WEATHER SERVICE FORT WORTH TX
141 AM CDT THU APR 19 2018


...................................

...THE DALLAS FORT WORTH CLIMATE SUMMARY FOR APRIL 18 2018...

CLIMATE NORMAL PERIOD 1981 TO 2010
CLIMATE RECORD PERIOD 1898 TO 2018


WEATHER ITEM   OBSERVED TIME   RECORD YEAR NORMAL DEPARTURE LAST
                VALUE   (LST)  VALUE       VALUE  FROM      YEAR
                                                  NORMAL
..................................................................
TEMPERATURE (F)
 YESTERDAY
  MAXIMUM         79    327 PM 100    1925  77      2       82
  MINIMUM         54   1153 PM  36    1901  55     -1       62
  AVERAGE         67                        66      1       72

PRECIPITATION (IN)
  YESTERDAY        0.00          1.32 1935   0.10  -0.10     0.00
  MONTH TO DATE    0.21                      1.60  -1.39     3.32
  SINCE MAR 1      3.11                      5.09  -1.98     4.38
  SINCE JAN 1     15.27                      9.88   5.39    11.10

SNOWFALL (IN)
  YESTERDAY        0.0           0.0    MM   0.0    0.0      0.0
  MONTH TO DATE    0.0                       0.0    0.0      0.0
  SINCE MAR 1      0.0                       0.2   -0.2      0.0
  SINCE JUL 1      T                         1.6   -1.6      0.1
  SNOW DEPTH       0

DEGREE DAYS
 HEATING
  YESTERDAY        0                         2     -2        0
  MONTH TO DATE  118                        66     52        6
  SINCE MAR 1    232                       327    -95       99
  SINCE JUL 1   1899                      2259   -360     1287

 COOLING
  YESTERDAY        2                         3     -1        7
  MONTH TO DATE   34                        46    -12       97
  SINCE MAR 1    104                        78     26      220
  SINCE JAN 1    126                        85     41      288
..................................................................


WIND (MPH)
  HIGHEST WIND SPEED    28   HIGHEST WIND DIRECTION     N (350)
  HIGHEST GUST SPEED    34   HIGHEST GUST DIRECTION    NW (330)
  AVERAGE WIND SPEED    16.0


SKY COVER
  POSSIBLE SUNSHINE  MM
  AVERAGE SKY COVER 0.3


WEATHER CONDITIONS
 THE FOLLOWING WEATHER WAS RECORDED YESTERDAY.
  HAZE


RELATIVE HUMIDITY (PERCENT)
 HIGHEST    93           600 AM
 LOWEST     15           300 PM
 AVERAGE    54

..........................................................


THE DALLAS FORT WORTH CLIMATE NORMALS FOR TODAY
                         NORMAL    RECORD    YEAR
 MAXIMUM TEMPERATURE (F)   77        93      1996
 MINIMUM TEMPERATURE (F)   56        36      1953


SUNRISE AND SUNSET
APRIL 19 2018.........SUNRISE   654 AM CDT   SUNSET   801 PM CDT
APRIL 20 2018.........SUNRISE   652 AM CDT   SUNSET   802 PM CDT


-  INDICATES NEGATIVE NUMBERS.
R  INDICATES RECORD WAS SET OR TIED.
MM INDICATES DATA IS MISSING.
T  INDICATES TRACE AMOUNT.




$$
