000
CDUS44 KAMA 222141
CLIDHT


CLIMATE REPORT
NATIONAL WEATHER SERVICE AMARILLO TX
440 PM CDT SUN APR 22 2018


...................................

...THE DALHART CLIMATE SUMMARY FOR APRIL 22 2018...
VALID TODAY AS OF 0400 PM LOCAL TIME.

CLIMATE NORMAL PERIOD 1981 TO 2010
CLIMATE RECORD PERIOD 1948 TO 2018


WEATHER ITEM   OBSERVED TIME   RECORD YEAR NORMAL DEPARTURE LAST
                VALUE   (LST)  VALUE       VALUE  FROM      YEAR
                                                  NORMAL
..................................................................
TEMPERATURE (F)
 TODAY
  MAXIMUM         57    249 PM  94    1989  71    -14       60
  MINIMUM         38    637 AM  27    1982  40     -2       39
  AVERAGE         48                        56     -8       50

PRECIPITATION (IN)
  TODAY            0.00          0.36 1957   0.04  -0.04      T
  MONTH TO DATE    0.70                      0.73  -0.03     1.60
  SINCE MAR 1      0.70                      1.90  -1.20     3.02
  SINCE JAN 1      0.71                      2.82  -2.11     4.10

SNOWFALL (IN)
  TODAY            0.0           2.0  1995   0.1   -0.1      0.0
  MONTH TO DATE    0.0                       1.1   -1.1      1.0
  SINCE MAR 1      0.0                       5.3   -5.3      1.0
  SINCE JUL 1      2.3                      18.8  -16.5      2.3
  SNOW DEPTH       0

DEGREE DAYS
 HEATING
  TODAY           17                        10      7       15
  MONTH TO DATE  337                       280     57      185
  SINCE MAR 1    830                       891    -61      600
  SINCE JUL 1   4017                      4534   -517     3417

 COOLING
  TODAY            0                         0      0        0
  MONTH TO DATE    1                         0      1       26
  SINCE MAR 1      1                         0      1       32
  SINCE JAN 1      1                         0      1       32
..................................................................


WIND (MPH)
  RESULTANT WIND SPEED   4   RESULTANT WIND DIRECTION  NE (40)
  HIGHEST WIND SPEED    12   HIGHEST WIND DIRECTION    NE (60)
  HIGHEST GUST SPEED    14   HIGHEST GUST DIRECTION    NE (40)
  AVERAGE WIND SPEED     4.3


SKY COVER
  AVERAGE SKY COVER 0.9


WEATHER CONDITIONS
 THE FOLLOWING WEATHER WAS RECORDED TODAY.
  FOG


RELATIVE HUMIDITY (PERCENT)
 HIGHEST   100           700 AM
 LOWEST     59           300 PM
 AVERAGE    80

..........................................................


THE DALHART CLIMATE NORMALS FOR TOMORROW
                         NORMAL    RECORD    YEAR
 MAXIMUM TEMPERATURE (F)   72        92      2006
 MINIMUM TEMPERATURE (F)   40        25      2013


SUNRISE AND SUNSET
APRIL 22 2018.........SUNRISE   708 AM CDT   SUNSET   830 PM CDT
APRIL 23 2018.........SUNRISE   707 AM CDT   SUNSET   831 PM CDT


-  INDICATES NEGATIVE NUMBERS.
R  INDICATES RECORD WAS SET OR TIED.
MM INDICATES DATA IS MISSING.
T  INDICATES TRACE AMOUNT.




$$
