000
CDUS41 KLWX 192128
CLIDMH


CLIMATE REPORT
NATIONAL WEATHER SERVICE BALTIMORE MD/WASHINGTON DC
527 PM EDT THU APR 19 2018


...................................

...THE BALTIMORE INNER HARBOR MD CLIMATE SUMMARY FOR APRIL 19 2018...
VALID TODAY AS OF 0500 PM LOCAL TIME.

CLIMATE NORMAL PERIOD 1981 TO 2010
CLIMATE RECORD PERIOD 1999 TO 2018


WEATHER ITEM   OBSERVED TIME   RECORD YEAR NORMAL DEPARTURE LAST
                VALUE   (LST)  VALUE       VALUE  FROM      YEAR
                                                  NORMAL
..................................................................
TEMPERATURE (F)
 TODAY
  MAXIMUM         61   1011 AM  MM      MM  67     -6       62
  MINIMUM         50    359 PM  MM      MM  49      1       52
  AVERAGE         56                        58     -2       57

PRECIPITATION (IN)
  TODAY            0.00         MM      MM   0.10  -0.10     0.00
  MONTH TO DATE    2.35                      2.11   0.24     2.14
  SINCE MAR 1      5.04                      5.97  -0.93     5.81
  SINCE JAN 1     10.78                     11.49  -0.71     9.70

DEGREE DAYS
 HEATING
  TODAY            9                         8      1        8
  MONTH TO DATE  237                       206     31       97
  SINCE MAR 1    906                       785    121      683
  SINCE JUL 1   3698                      3873   -175     3137

 COOLING
  TODAY            0                         1     -1        0
  MONTH TO DATE   24                        12     12       35
  SINCE MAR 1     24                        13     11       39
  SINCE JAN 1     26                        13     13       39
..................................................................


WIND (MPH)
  HIGHEST WIND SPEED    MM   HIGHEST WIND DIRECTION    MM
  HIGHEST GUST SPEED    MM   HIGHEST GUST DIRECTION    MM
  AVERAGE WIND SPEED    MM


SKY COVER
  POSSIBLE SUNSHINE  MM



RELATIVE HUMIDITY (PERCENT)
 HIGHEST    64          1200 AM
 LOWEST     38           200 PM
 AVERAGE    51

..........................................................


THE BALTIMORE INNER HARBOR MD CLIMATE NORMALS FOR TOMORROW
                         NORMAL    RECORD    YEAR
 MAXIMUM TEMPERATURE (F)   67        MM        MM
 MINIMUM TEMPERATURE (F)   49        MM        MM


SUNRISE AND SUNSET
APRIL 19 2018.........SUNRISE   624 AM EDT   SUNSET   748 PM EDT
APRIL 20 2018.........SUNRISE   622 AM EDT   SUNSET   749 PM EDT


-  INDICATES NEGATIVE NUMBERS.
R  INDICATES RECORD WAS SET OR TIED.
MM INDICATES DATA IS MISSING.
T  INDICATES TRACE AMOUNT.




$$
