576
CDUS43 KEAX 230635
CLIDMO


CLIMATE REPORT
NATIONAL WEATHER SERVICE KANSAS CITY/PLEASANT HILL MO
135 AM CDT MON APR 23 2018


...................................

...THE SEDALIA MO CLIMATE SUMMARY FOR APRIL 22 2018...

CLIMATE NORMAL PERIOD 1981 TO 2010
CLIMATE RECORD PERIOD 9999 TO 9999


WEATHER ITEM   OBSERVED TIME   NORMAL DEPARTURE LAST
                VALUE   (LST)  VALUE  FROM      YEAR
                                      NORMAL
......................................................
TEMPERATURE (F)
 YESTERDAY
  MAXIMUM         61    210 PM  69     -8       64
  MINIMUM         48    816 AM  48      0       43
  AVERAGE         55            59     -4       54

PRECIPITATION (IN)
  YESTERDAY        0.28          0.15   0.13     0.38
  MONTH TO DATE    0.45          2.77  -2.32     2.61
  SINCE MAR 1      3.09          5.38  -2.29     5.91
  SINCE JAN 1      7.04          8.98  -1.94     7.33

DEGREE DAYS
 HEATING
  YESTERDAY       10             7      3       11
  MONTH TO DATE  430           230    200      133
  SINCE MAR 1   1045           815    230      587
  SINCE JUL 1   4575          4432    143     3470

 COOLING
  YESTERDAY        0             1     -1        0
  MONTH TO DATE   15            21     -6       38
  SINCE MAR 1     15            24     -9       46
  SINCE JAN 1     15            24     -9       46
......................................................


WIND (MPH)
  HIGHEST WIND SPEED    17   HIGHEST WIND DIRECTION     E (70)
  HIGHEST GUST SPEED    23   HIGHEST GUST DIRECTION    NE (60)
  AVERAGE WIND SPEED    10.5


SKY COVER
  AVERAGE SKY COVER 1.0


WEATHER CONDITIONS
 THE FOLLOWING WEATHER WAS RECORDED YESTERDAY.
  RAIN
  LIGHT RAIN
  FOG


RELATIVE HUMIDITY (PERCENT)
 HIGHEST   100           600 AM
 LOWEST     43          1200 AM
 AVERAGE    72

..........................................................


THE SEDALIA MO CLIMATE NORMALS FOR TODAY
                         NORMAL
 MAXIMUM TEMPERATURE (F)   70
 MINIMUM TEMPERATURE (F)   49


SUNRISE AND SUNSET
APRIL 23 2018.........SUNRISE   625 AM CDT   SUNSET   757 PM CDT
APRIL 24 2018.........SUNRISE   624 AM CDT   SUNSET   758 PM CDT


-  INDICATES NEGATIVE NUMBERS.
R  INDICATES RECORD WAS SET OR TIED.
MM INDICATES DATA IS MISSING.
T  INDICATES TRACE AMOUNT.




$$
