000
CDUS43 KLOT 250639
CLIDPA


CLIMATE REPORT
NATIONAL WEATHER SERVICE CHICAGO IL
137 AM CDT FRI MAY 25 2018


...................................

...THE DU PAGE  AIRPORT CLIMATE SUMMARY FOR MAY 24 2018...

CLIMATE NORMAL PERIOD 1981 TO 2010
CLIMATE RECORD PERIOD 1997 TO 2018


WEATHER ITEM   OBSERVED TIME   RECORD YEAR NORMAL DEPARTURE LAST
                VALUE   (LST)  VALUE       VALUE  FROM      YEAR
                                                  NORMAL
..................................................................
TEMPERATURE (F)
 YESTERDAY
  MAXIMUM         85    344 PM  91    2010  74     11       62
  MINIMUM         53    335 AM  34    2013  51      2       53
  AVERAGE         69                        62      7       58

PRECIPITATION (IN)
  YESTERDAY        0.00          0.37        0.16  -0.16     0.09
  MONTH TO DATE    5.87                      3.64   2.23     3.99
  SINCE MAR 1      9.01                      9.35  -0.34    13.41
  SINCE JAN 1     11.21                     12.08  -0.87    16.82

DEGREE DAYS
 HEATING
  YESTERDAY        0                         5     -5        7
  MONTH TO DATE   88                       186    -98      245
  SINCE MAR 1   1712                      1497    215     1432
  SINCE JUL 1   6584                      6252    332     5531

 COOLING
  YESTERDAY        4                         2      2        0
  MONTH TO DATE   25                        25      0       15
  SINCE MAR 1     25                        29     -4       23
  SINCE JAN 1     25                        29     -4       23
..................................................................


WIND (MPH)
  RESULTANT WIND SPEED   4   RESULTANT WIND DIRECTION   S (160)
  HIGHEST WIND SPEED    13   HIGHEST WIND DIRECTION    SW (210)
  HIGHEST GUST SPEED    17   HIGHEST GUST DIRECTION     S (200)
  AVERAGE WIND SPEED     4.7



WEATHER CONDITIONS
 THE FOLLOWING WEATHER WAS RECORDED YESTERDAY.
  FOG


..........................................................


THE DU PAGE  AIRPORT CLIMATE NORMALS FOR TODAY
                         NORMAL    RECORD    YEAR
 MAXIMUM TEMPERATURE (F)   74        89      2010
 MINIMUM TEMPERATURE (F)   51        39      2002


SUNRISE AND SUNSET
MAY 25 2018...........SUNRISE   524 AM CDT   SUNSET   816 PM CDT
MAY 26 2018...........SUNRISE   524 AM CDT   SUNSET   817 PM CDT


-  INDICATES NEGATIVE NUMBERS.
R  INDICATES RECORD WAS SET OR TIED.
MM INDICATES DATA IS MISSING.
T  INDICATES TRACE AMOUNT.




$$
