000
CDUS43 KDVN 220917
CLIDVN


CLIMATE REPORT
NATIONAL WEATHER SERVICE QUAD CITIES IA IL
416 AM CDT TUE MAY 22 2018


...................................

...THE DAVENPORT IA CLIMATE SUMMARY FOR MAY 21 2018...

CLIMATE NORMAL PERIOD 1981 TO 2010
CLIMATE RECORD PERIOD 9999 TO 9999


WEATHER ITEM   OBSERVED TIME   RECORD YEAR NORMAL DEPARTURE LAST
                VALUE   (LST)  VALUE       VALUE  FROM      YEAR
                                                  NORMAL
..................................................................
TEMPERATURE (F)
 YESTERDAY
  MAXIMUM         74    350 PM  MM      MM  74      0       59
  MINIMUM         52    416 AM  MM      MM  52      0       48
  AVERAGE         63                        63      0       54

PRECIPITATION (IN)
  YESTERDAY        0.54         MM      MM   0.17   0.37      T
  MONTH TO DATE    3.14                      2.80   0.34     4.17
  SINCE MAR 1      6.33                      8.83  -2.50    11.88
  SINCE JAN 1      9.46                     11.36  -1.90    13.83

SNOWFALL (IN)
  YESTERDAY        0.0          MM      MM  MM     MM        0.0
  MONTH TO DATE    0.0                      MM     MM         T
  SINCE MAR 1     11.9                      MM     MM        6.1
  SINCE JUL 1     36.2                      MM     MM       25.2
  SNOW DEPTH       0

DEGREE DAYS
 HEATING
  YESTERDAY        2                         5     -3       11
  MONTH TO DATE   36                       150   -114      156
  SINCE MAR 1   1609                      1429    180     1319
  SINCE JUL 1   6467                      6454     13     5375

 COOLING
  YESTERDAY        0                         2     -2        0
  MONTH TO DATE   48                        28     20       34
  SINCE MAR 1     48                        34     14       47
  SINCE JAN 1     48                        34     14       47
..................................................................


WIND (MPH)
  HIGHEST WIND SPEED    17   HIGHEST WIND DIRECTION     E (90)
  HIGHEST GUST SPEED    22   HIGHEST GUST DIRECTION     E (90)
  AVERAGE WIND SPEED     8.9


SKY COVER
  POSSIBLE SUNSHINE  MM
  AVERAGE SKY COVER 0.8


WEATHER CONDITIONS
 THE FOLLOWING WEATHER WAS RECORDED YESTERDAY.
  HEAVY RAIN
  LIGHT RAIN
  FOG
  HAZE


RELATIVE HUMIDITY (PERCENT)
 HIGHEST   100           400 AM
 LOWEST     73           400 PM
 AVERAGE    87

..........................................................


THE DAVENPORT IA CLIMATE NORMALS FOR TODAY
                         NORMAL    RECORD    YEAR
 MAXIMUM TEMPERATURE (F)   74        MM        MM
 MINIMUM TEMPERATURE (F)   52        MM        MM


SUNRISE AND SUNSET
MAY 22 2018...........SUNRISE   537 AM CDT   SUNSET   822 PM CDT
MAY 23 2018...........SUNRISE   536 AM CDT   SUNSET   823 PM CDT


-  INDICATES NEGATIVE NUMBERS.
R  INDICATES RECORD WAS SET OR TIED.
MM INDICATES DATA IS MISSING.
T  INDICATES TRACE AMOUNT.




$$
