000
CDUS44 KSHV 200749
CLIELD


CLIMATE REPORT
NATIONAL WEATHER SERVICE SHREVEPORT, LA
249 AM CDT FRI APR 20 2018


...................................

...THE EL DORADO CLIMATE SUMMARY FOR APRIL 19 2018...

CLIMATE NORMAL PERIOD 1981 TO 2010
CLIMATE RECORD PERIOD 1907 TO 2018


WEATHER ITEM   OBSERVED TIME   RECORD YEAR NORMAL DEPARTURE LAST
                VALUE   (LST)  VALUE       VALUE  FROM      YEAR
                                                  NORMAL
..................................................................
TEMPERATURE (F)
 YESTERDAY
  MAXIMUM         66    437 PM  94    1987  77    -11       83
  MINIMUM         45   1142 PM  34    1983  52     -7       60
  AVERAGE         56                        64     -8       72

PRECIPITATION (IN)
  YESTERDAY        0.00          2.32 1984   0.14  -0.14     0.00
  MONTH TO DATE    2.82                      2.55   0.27     7.18
  SINCE DEC 1     29.95                     21.57   8.38    23.59
  SINCE JAN 1     24.32                     16.39   7.93    17.30

SNOWFALL (IN)
  YESTERDAY        0.0
  MONTH TO DATE    0.0
  SINCE MAR 1      0.0
  SINCE JUL 1      2.8
  SNOW DEPTH       0

DEGREE DAYS
 HEATING
  YESTERDAY        9                         3      6        0
  MONTH TO DATE  142                        92     50       28
  SINCE MAR 1    378                       400    -22      240
  SINCE JUL 1   2480                      2628   -148     1692

 COOLING
  YESTERDAY        0                         2     -2        7
  MONTH TO DATE   16                        36    -20       56
  SINCE MAR 1     46                        58    -12      109
  SINCE JAN 1     71                        64      7      136
..................................................................


WIND (MPH)
  HIGHEST WIND SPEED    16   HIGHEST WIND DIRECTION     N (350)
  HIGHEST GUST SPEED    23   HIGHEST GUST DIRECTION     N (360)
  AVERAGE WIND SPEED     8.1


SKY COVER
  POSSIBLE SUNSHINE  MM
  AVERAGE SKY COVER 0.0


WEATHER CONDITIONS
 THE FOLLOWING WEATHER WAS RECORDED YESTERDAY.
  NO SIGNIFICANT WEATHER WAS OBSERVED.


RELATIVE HUMIDITY (PERCENT)
 HIGHEST    77           900 PM
 LOWEST     37           300 PM
 AVERAGE    57

..........................................................


THE EL DORADO CLIMATE NORMALS FOR TODAY
                         NORMAL    RECORD    YEAR
 MAXIMUM TEMPERATURE (F)   77        96      1987
 MINIMUM TEMPERATURE (F)   52        36      2013
                                             1943


SUNRISE AND SUNSET
APRIL 20 2018.........SUNRISE   635 AM CDT   SUNSET   746 PM CDT
APRIL 21 2018.........SUNRISE   634 AM CDT   SUNSET   746 PM CDT


-  INDICATES NEGATIVE NUMBERS.
R  INDICATES RECORD WAS SET OR TIED.
MM INDICATES DATA IS MISSING.
T  INDICATES TRACE AMOUNT.




$$
