000
CDUS46 KOTX 210833
CLIEPH


CLIMATE REPORT
NATIONAL WEATHER SERVICE SPOKANE, WA
131 AM PDT SAT APR 21 2018


...................................

...THE EPHRATA WA AIRPORT CLIMATE SUMMARY FOR APRIL 20 2018...

CLIMATE NORMAL PERIOD 1981 TO 2010
CLIMATE RECORD PERIOD 9999 TO 9999


WEATHER ITEM   OBSERVED TIME   RECORD YEAR NORMAL DEPARTURE LAST
                VALUE   (LST)  VALUE       VALUE  FROM      YEAR
                                                  NORMAL
..................................................................
TEMPERATURE (F)
 YESTERDAY
  MAXIMUM         69    332 PM  86    2016  64      5       65
  MINIMUM         39    537 AM  23    1982  39      0       45
  AVERAGE         54                        51      3       55

PRECIPITATION (IN)
  YESTERDAY        0.00          0.31 1980   0.01  -0.01     0.01
  MONTH TO DATE    1.06                      0.34   0.72     1.35
  SINCE OCT 1      5.95                      5.50   0.45     8.34
  SINCE JAN 1      3.37                      2.67   0.70     4.74

DEGREE DAYS
 HEATING
  YESTERDAY       11                        14     -3       10
  MONTH TO DATE  328                       316     12      328
  SINCE MAR 1   1001                      1000      1     1010
  SINCE JUL 1   5235                      5573   -338     5788

 COOLING
  YESTERDAY        0                         0      0        0
  MONTH TO DATE    0                         0      0        0
  SINCE MAR 1      0                         0      0        0
  SINCE JAN 1      0                         0      0        0
..................................................................


WIND (MPH)
  HIGHEST WIND SPEED    14   HIGHEST WIND DIRECTION    SE (150)
  HIGHEST GUST SPEED    18   HIGHEST GUST DIRECTION     W (250)
  AVERAGE WIND SPEED     6.0


SKY COVER
  POSSIBLE SUNSHINE  MM
  AVERAGE SKY COVER 0.2


WEATHER CONDITIONS
 THE FOLLOWING WEATHER WAS RECORDED YESTERDAY.
  NO SIGNIFICANT WEATHER WAS OBSERVED.


RELATIVE HUMIDITY (PERCENT)
 HIGHEST    79           600 AM
 LOWEST     26           100 PM
 AVERAGE    53

..........................................................


THE EPHRATA WA AIRPORT CLIMATE NORMALS FOR TODAY
                         NORMAL    RECORD    YEAR
 MAXIMUM TEMPERATURE (F)   64        86      1956
 MINIMUM TEMPERATURE (F)   39        24      1985


SUNRISE AND SUNSET
APRIL 21 2018.........SUNRISE   559 AM PDT   SUNSET   756 PM PDT
APRIL 22 2018.........SUNRISE   557 AM PDT   SUNSET   757 PM PDT


-  INDICATES NEGATIVE NUMBERS.
R  INDICATES RECORD WAS SET OR TIED.
MM INDICATES DATA IS MISSING.
T  INDICATES TRACE AMOUNT.




$$
