000
CDUS41 KOKX 230617
CLIEWR


CLIMATE REPORT
NATIONAL WEATHER SERVICE NEW YORK NY
216 AM EDT MON APR 23 2018


...................................

...THE NEWARK NJ CLIMATE SUMMARY FOR APRIL 22 2018...

CLIMATE NORMAL PERIOD 1981 TO 2010
CLIMATE RECORD PERIOD 1929 TO 2018


WEATHER ITEM   OBSERVED TIME   RECORD YEAR NORMAL DEPARTURE LAST
                VALUE   (LST)  VALUE       VALUE  FROM      YEAR
                                                  NORMAL
..................................................................
TEMPERATURE (F)
 YESTERDAY
  MAXIMUM         68    328 PM  87    1985  65      3       57
  MINIMUM         42    538 AM  32    1947  46     -4       50
  AVERAGE         55                        55      0       54

PRECIPITATION (IN)
  YESTERDAY        0.00          2.64 2012   0.13  -0.13     0.04
  MONTH TO DATE    4.47                      3.14   1.33     2.35
  SINCE MAR 1      8.95                      7.32   1.63     7.42
  SINCE JAN 1     16.75                     13.74   3.01    14.16

SNOWFALL (IN)
  YESTERDAY        0.0           T    1972   0.1   -0.1      0.0
  MONTH TO DATE    5.0                       0.9    4.1      0.0
  SINCE OCT 1     39.4                      28.5   10.9     30.0
  SINCE JUL 1     39.4                      28.5   10.9     30.0
  SNOW DEPTH       0

DEGREE DAYS
 HEATING
  YESTERDAY       10                        10      0       11
  MONTH TO DATE  391                       305     86      217
  SINCE MAR 1   1149                      1014    135      989
  SINCE JUL 1   4474                      4649   -175     3998

 COOLING
  YESTERDAY        0                         1     -1        0
  MONTH TO DATE    6                         1      5       19
  SINCE MAR 1      6                         2      4       19
  SINCE JAN 1      9                         2      7       19
..................................................................


WIND (MPH)
  HIGHEST WIND SPEED    16   HIGHEST WIND DIRECTION    SE (150)
  HIGHEST GUST SPEED    24   HIGHEST GUST DIRECTION    NW (330)
  AVERAGE WIND SPEED     6.8


SKY COVER
  AVERAGE SKY COVER 0.3


WEATHER CONDITIONS
 THE FOLLOWING WEATHER WAS RECORDED YESTERDAY.
  NO SIGNIFICANT WEATHER WAS OBSERVED.


RELATIVE HUMIDITY (PERCENT)
 HIGHEST    44          1000 PM
 LOWEST     30           100 AM
 AVERAGE    37

..........................................................


THE NEWARK NJ CLIMATE NORMALS FOR TODAY
                         NORMAL    RECORD    YEAR
 MAXIMUM TEMPERATURE (F)   65        88      1996
 MINIMUM TEMPERATURE (F)   46        32      1933


SUNRISE AND SUNSET
APRIL 23 2018.........SUNRISE   606 AM EDT   SUNSET   744 PM EDT
APRIL 24 2018.........SUNRISE   605 AM EDT   SUNSET   745 PM EDT


-  INDICATES NEGATIVE NUMBERS.
R  INDICATES RECORD WAS SET OR TIED.
MM INDICATES DATA IS MISSING.
T  INDICATES TRACE AMOUNT.




$$
