000
CDUS42 KKEY 242020
CLIEYW


CLIMATE REPORT
NATIONAL WEATHER SERVICE KEY WEST, FL
420 PM EDT TUE APR 24 2018


...................................

...THE KEY WEST CLIMATE SUMMARY FOR APRIL 24 2018...
VALID TODAY AS OF 0400 PM LOCAL TIME.

CLIMATE NORMAL PERIOD 1981 TO 2010
CLIMATE RECORD PERIOD 1871 TO 2018


WEATHER ITEM   OBSERVED TIME   RECORD YEAR NORMAL DEPARTURE LAST
                VALUE   (LST)  VALUE       VALUE  FROM      YEAR
                                                  NORMAL
..................................................................
TEMPERATURE (F)
 TODAY
  MAXIMUM         84    242 PM  89    2015  82      2       82
                                      1991
  MINIMUM         76    557 AM  63    1998  73      3       74
  AVERAGE         80                        78      2       78

PRECIPITATION (IN)
  TODAY            0.00          2.70 1979   0.07  -0.07     0.14
  MONTH TO DATE    0.17                      1.71  -1.54     3.88
  SINCE MAR 1      2.29                      3.76  -1.47     4.81
  SINCE JAN 1      3.53                      7.29  -3.76     7.86

SNOWFALL (IN)
  TODAY            0.0
  MONTH TO DATE    0.0
  SINCE MAR 1      0.0
  SINCE JUL 1      0.0
  SNOW DEPTH       0

DEGREE DAYS
 HEATING
  TODAY            0                         0      0        0
  MONTH TO DATE    0                         0      0        0
  SINCE MAR 1      2                         7     -5        0
  SINCE JUL 1     44                        73    -29        5

 COOLING
  TODAY           15                        12      3       13
  MONTH TO DATE  324                       265     59      297
  SINCE MAR 1    556                       527     29      603
  SINCE JAN 1   1009                       875    134     1143
..................................................................


WIND (MPH)
  HIGHEST WIND SPEED    13   HIGHEST WIND DIRECTION    SW (230)
  HIGHEST GUST SPEED    16   HIGHEST GUST DIRECTION    SW (230)
  AVERAGE WIND SPEED     6.5


SKY COVER
  POSSIBLE SUNSHINE  MM
  AVERAGE SKY COVER 0.1


WEATHER CONDITIONS
 THE FOLLOWING WEATHER WAS RECORDED TODAY.
  NO SIGNIFICANT WEATHER WAS OBSERVED.


RELATIVE HUMIDITY (PERCENT)
 HIGHEST    88
 LOWEST     74
 AVERAGE    81

..........................................................


THE KEY WEST CLIMATE NORMALS FOR TOMORROW
                         NORMAL    RECORD    YEAR
 MAXIMUM TEMPERATURE (F)   82        90      1991
 MINIMUM TEMPERATURE (F)   73        64      2012


SUNRISE AND SUNSET
APRIL 24 2018.........SUNRISE   657 AM EDT   SUNSET   753 PM EDT
APRIL 25 2018.........SUNRISE   656 AM EDT   SUNSET   754 PM EDT


-  INDICATES NEGATIVE NUMBERS.
R  INDICATES RECORD WAS SET OR TIED.
MM INDICATES DATA IS MISSING.
T  INDICATES TRACE AMOUNT.




$$
