000
CDUS42 KRAH 260546
CLIFAY


CLIMATE REPORT
NATIONAL WEATHER SERVICE RALEIGH NC
140 AM EDT SAT MAY 26 2018


...................................

...THE FAYETTEVILLE REGL AIRPORT NC CLIMATE SUMMARY FOR MAY 25 2018...

CLIMATE NORMAL PERIOD 1981 TO 2010
CLIMATE RECORD PERIOD 1910 TO 2018


WEATHER ITEM   OBSERVED TIME   RECORD YEAR NORMAL DEPARTURE LAST
                VALUE   (LST)  VALUE       VALUE  FROM      YEAR
                                                  NORMAL
..................................................................
TEMPERATURE (F)
 YESTERDAY
  MAXIMUM         85    305 PM  98    2011  85      0       80
  MINIMUM         66    308 AM  46    1967  62      4       65
  AVERAGE         76                        73      3       73

PRECIPITATION (IN)
  YESTERDAY        0.02          2.70 1977   0.12  -0.10     0.03
  MONTH TO DATE    1.59                      2.39  -0.80     5.09
  SINCE MAR 1      7.38                      8.76  -1.38    12.03
  SINCE JAN 1     12.08                     14.82  -2.74    15.45

DEGREE DAYS
 HEATING
  YESTERDAY        0                         0      0        0
  MONTH TO DATE    0                        23    -23       12
  SINCE MAR 1    637                       505    132      405
  SINCE JUL 1   2703                      2730    -27     2027

 COOLING
  YESTERDAY       11                         8      3        8
  MONTH TO DATE  258                       144    114      200
  SINCE MAR 1    299                       223     76      403
  SINCE JAN 1    347                       227    120      418
..................................................................


WIND (MPH)
  HIGHEST WIND SPEED    22   HIGHEST WIND DIRECTION    SE (140)
  HIGHEST GUST SPEED    25   HIGHEST GUST DIRECTION    SE (130)
  AVERAGE WIND SPEED     5.9


SKY COVER
  POSSIBLE SUNSHINE  MM
  AVERAGE SKY COVER 0.7


WEATHER CONDITIONS
 THE FOLLOWING WEATHER WAS RECORDED YESTERDAY.
  NO SIGNIFICANT WEATHER WAS OBSERVED.


RELATIVE HUMIDITY (PERCENT)
 HIGHEST    93           100 AM
 LOWEST     61           200 PM
 AVERAGE    77

..........................................................


THE FAYETTEVILLE REGL AIRPORT NC CLIMATE NORMALS FOR TODAY
                         NORMAL    RECORD    YEAR
 MAXIMUM TEMPERATURE (F)   85        98      1926
 MINIMUM TEMPERATURE (F)   62        44      1988


SUNRISE AND SUNSET
MAY 26 2018...........SUNRISE   605 AM EDT   SUNSET   820 PM EDT
MAY 27 2018...........SUNRISE   605 AM EDT   SUNSET   821 PM EDT


-  INDICATES NEGATIVE NUMBERS.
R  INDICATES RECORD WAS SET OR TIED.
MM INDICATES DATA IS MISSING.
T  INDICATES TRACE AMOUNT.




$$
