000
CDUS46 KSGX 240022
CLIFUL


CLIMATE REPORT
NATIONAL WEATHER SERVICE SAN DIEGO, CA
522 PM PDT WED MAY 23 2018


...................................

...THE FULLERTON AIRPORT CA CLIMATE SUMMARY FOR MAY 23 2018...
VALID TODAY AS OF 0500 PM LOCAL TIME.

CLIMATE NORMAL PERIOD 1981 TO 2010
CLIMATE RECORD PERIOD 1998 TO 2018


WEATHER ITEM   OBSERVED TIME   RECORD YEAR NORMAL DEPARTURE LAST
                VALUE   (LST)  VALUE       VALUE  FROM      YEAR
                                                  NORMAL
..................................................................
TEMPERATURE (F)
 TODAY
  MAXIMUM         73    333 PM  85    2017  75     -2       85
  MINIMUM         62    606 AM  54    2016  59      3       60
                                      2010
  AVERAGE         68                        67      1       73

PRECIPITATION (IN)
  TODAY            0.00          0.01 2008   0.00   0.00     0.00
  MONTH TO DATE    0.02                      0.23  -0.21     0.54
  SINCE OCT 1      3.09                     13.44 -10.35    16.91
  SINCE JAN 1      3.01                      9.54  -6.53    11.00

DEGREE DAYS
 HEATING
  TODAY            0                         1     -1        0
  MONTH TO DATE   18                        28    -10       26
  SINCE MAR 1    185                       300   -115       98
  SINCE JUL 1    635                      1222   -587      795

 COOLING
  TODAY            3                         3      0        8
  MONTH TO DATE   50                        47      3       82
  SINCE MAR 1    105                        90     15      220
  SINCE JAN 1    142                        99     43      223
..................................................................


WIND (MPH)
  RESULTANT WIND SPEED   1   RESULTANT WIND DIRECTION  SW (210)
  HIGHEST WIND SPEED    12   HIGHEST WIND DIRECTION     S (200)
  HIGHEST GUST SPEED    15   HIGHEST GUST DIRECTION    SW (210)
  AVERAGE WIND SPEED     2.0


SKY COVER
  POSSIBLE SUNSHINE  MM
  AVERAGE SKY COVER 1.0


WEATHER CONDITIONS
 THE FOLLOWING WEATHER WAS RECORDED TODAY.
  NO SIGNIFICANT WEATHER WAS OBSERVED.


RELATIVE HUMIDITY (PERCENT)
 HIGHEST    78           300 AM
 LOWEST     57           200 PM
 AVERAGE    68

..........................................................


THE FULLERTON AIRPORT CA CLIMATE NORMALS FOR TOMORROW
                         NORMAL    RECORD    YEAR
 MAXIMUM TEMPERATURE (F)   75        85      2006
 MINIMUM TEMPERATURE (F)   59        54      2010


SUNRISE AND SUNSET
MAY 23 2018...........SUNRISE   546 AM PDT   SUNSET   752 PM PDT
MAY 24 2018...........SUNRISE   545 AM PDT   SUNSET   753 PM PDT


-  INDICATES NEGATIVE NUMBERS.
R  INDICATES RECORD WAS SET OR TIED.
MM INDICATES DATA IS MISSING.
T  INDICATES TRACE AMOUNT.




$$
