000
CDUS43 KIND 230557
CLIGEZ


CLIMATE REPORT
NATIONAL WEATHER SERVICE INDIANAPOLIS IN
156 AM EDT MON APR 23 2018


...................................

...THE SHELBYVILLE IN CLIMATE SUMMARY FOR APRIL 22 2018...

CLIMATE NORMAL PERIOD 1981 TO 2010
CLIMATE RECORD PERIOD 9999 TO 9999


WEATHER ITEM   OBSERVED TIME   NORMAL DEPARTURE LAST
                VALUE   (LST)  VALUE  FROM      YEAR
                                      NORMAL
......................................................
TEMPERATURE (F)
 YESTERDAY
  MAXIMUM         69    414 PM  66      3       59
  MINIMUM         46    406 AM  44      2       46
  AVERAGE         58            55      3       53

PRECIPITATION (IN)
  YESTERDAY        0.00          0.15  -0.15     0.00
  MONTH TO DATE    3.87          2.90   0.97     1.28
  SINCE MAR 1      7.60          6.33   1.27     4.96
  SINCE JAN 1     15.78         11.08   4.70    10.40

DEGREE DAYS
 HEATING
  YESTERDAY        7            10     -3       12
  MONTH TO DATE  416           304    112      157
  SINCE MAR 1   1201          1024    177      781
  SINCE JUL 1   5109          5187    -78     3964

 COOLING
  YESTERDAY        0             0      0        0
  MONTH TO DATE    8             0      8       40
  SINCE MAR 1      8             1      7       44
  SINCE JAN 1     13             1     12       44
......................................................


WIND (MPH)
  HIGHEST WIND SPEED    20   HIGHEST WIND DIRECTION     E (70)
  HIGHEST GUST SPEED    24   HIGHEST GUST DIRECTION     E (70)
  AVERAGE WIND SPEED    12.4


SKY COVER
  AVERAGE SKY COVER 0.1


WEATHER CONDITIONS
 THE FOLLOWING WEATHER WAS RECORDED YESTERDAY.
  NO SIGNIFICANT WEATHER WAS OBSERVED.


RELATIVE HUMIDITY (PERCENT)
 HIGHEST    50           200 AM
 LOWEST     20           600 PM
 AVERAGE    35

..........................................................


THE SHELBYVILLE IN CLIMATE NORMALS FOR TODAY
                         NORMAL
 MAXIMUM TEMPERATURE (F)   66
 MINIMUM TEMPERATURE (F)   45


SUNRISE AND SUNSET
APRIL 23 2018.........SUNRISE   654 AM EDT   SUNSET   829 PM EDT
APRIL 24 2018.........SUNRISE   653 AM EDT   SUNSET   830 PM EDT


-  INDICATES NEGATIVE NUMBERS.
R  INDICATES RECORD WAS SET OR TIED.
MM INDICATES DATA IS MISSING.
T  INDICATES TRACE AMOUNT.




$$
