000
CDUS45 KGGW 231230
CLIGGW


CLIMATE REPORT
NATIONAL WEATHER SERVICE GLASGOW MT
630 AM MDT MON APR 23 2018


...................................

...THE GLASGOW MT CLIMATE SUMMARY FOR APRIL 23 2018...
VALID AS OF 0600 AM LOCAL TIME.

CLIMATE NORMAL PERIOD 1981 TO 2010
CLIMATE RECORD PERIOD 1893 TO 2018


WEATHER ITEM   OBSERVED TIME   RECORD YEAR NORMAL DEPARTURE LAST
                VALUE   (LST)  VALUE       VALUE  FROM      YEAR
                                                  NORMAL
..................................................................
TEMPERATURE (F)
 TODAY
  MINIMUM         42    500 AM  10    1931  34      8       32

PRECIPITATION (IN)
  TODAY            0.00          0.97 1957   0.04  -0.04     0.04
  MONTH TO DATE    0.38                      0.59  -0.21     0.46
  SINCE OCT 1      4.57                      3.19   1.38     5.50
  SINCE JAN 1      2.77                      1.64   1.13     1.97

SNOWFALL (IN)
  TODAY            0.0           0.2  1960   0.0    0.0      0.0
  MONTH TO DATE    5.6                       1.6    4.0      0.0
  SINCE MAR 1     25.3                       6.3   19.0      6.2
  SINCE JUL 1     63.4                      33.3   30.1     37.7
  SNOW DEPTH       0

DEGREE DAYS
 HEATING
  TODAY           21                        17      4       26
  MONTH TO DATE  686                       490    196      436
  SINCE MAR 1   1951                      1524    427     1391
  SINCE JUL 1   8817                      7894    923     7498

 COOLING
  TODAY            0                         0      0        0
  MONTH TO DATE    0                         0      0        0
  SINCE MAR 1      0                         0      0        0
  SINCE JAN 1      0                         0      0        0
..................................................................





WEATHER CONDITIONS
 THE FOLLOWING WEATHER WAS RECORDED TODAY.
  NO SIGNIFICANT WEATHER WAS OBSERVED.


RELATIVE HUMIDITY (PERCENT)
 HIGHEST    67           500 AM

..........................................................


THE GLASGOW MT CLIMATE NORMALS FOR TOMORROW
                         NORMAL    RECORD    YEAR
 MAXIMUM TEMPERATURE (F)   61        87      1962
 MINIMUM TEMPERATURE (F)   35        15      1931


SUNRISE AND SUNSET
APRIL 23 2018.........SUNRISE   601 AM MDT   SUNSET   809 PM MDT
APRIL 24 2018.........SUNRISE   600 AM MDT   SUNSET   810 PM MDT


-  INDICATES NEGATIVE NUMBERS.
R  INDICATES RECORD WAS SET OR TIED.
MM INDICATES DATA IS MISSING.
T  INDICATES TRACE AMOUNT.




$$
