000
CDUS45 KMSO 262231
CLIGPI


CLIMATE REPORT
NATIONAL WEATHER SERVICE MISSOULA, MT
431 PM MDT THU APR 26 2018


...................................

...THE KALISPELL MT CLIMATE SUMMARY FOR APRIL 26 2018...
VALID TODAY AS OF 0400 PM LOCAL TIME.

CLIMATE NORMAL PERIOD 1981 TO 2010
CLIMATE RECORD PERIOD 1894 TO 2018


WEATHER ITEM   OBSERVED TIME   RECORD YEAR NORMAL DEPARTURE LAST
                VALUE   (LST)  VALUE       VALUE  FROM      YEAR
                                                  NORMAL
..................................................................
TEMPERATURE (F)
 TODAY
  MAXIMUM         72    259 PM  77    1980  59     13       48
  MINIMUM         33    459 AM  21    1961  33      0       37
  AVERAGE         53                        46      7       43

PRECIPITATION (IN)
  TODAY            0.00          0.48 2014   0.04  -0.04     0.29
  MONTH TO DATE    1.16                      1.07   0.09     1.92
  SINCE OCT 1     10.05                      8.46   1.59    15.61
  SINCE JAN 1      4.90                      4.46   0.44     8.38

SNOWFALL (IN)
  TODAY            0.0
  MONTH TO DATE    1.3
  SINCE JAN 1     40.8
  SINCE JUL 1     82.8
  SNOW DEPTH       0

DEGREE DAYS
 HEATING
  TODAY           12                        19     -7       22
  MONTH TO DATE  651                       567     84      599
  SINCE MAR 1   1651                      1486    165     1479
  SINCE JUL 1   7307                      7338    -31     7679

 COOLING
  TODAY            0                         0      0        0
  MONTH TO DATE    0                         0      0        0
  SINCE MAR 1      0                         0      0        0
  SINCE JAN 1      0                         0      0        0
..................................................................


WIND (MPH)
  HIGHEST WIND SPEED    17   HIGHEST WIND DIRECTION    NE (40)
  HIGHEST GUST SPEED    20   HIGHEST GUST DIRECTION    NE (50)
  AVERAGE WIND SPEED     5.4


SKY COVER
  POSSIBLE SUNSHINE  MM
  AVERAGE SKY COVER 0.0


WEATHER CONDITIONS
 THE FOLLOWING WEATHER WAS RECORDED TODAY.
  NO SIGNIFICANT WEATHER WAS OBSERVED.


RELATIVE HUMIDITY (PERCENT)
 HIGHEST    82           100 AM
 LOWEST     20           200 PM
 AVERAGE    51

..........................................................


THE KALISPELL MT CLIMATE NORMALS FOR TOMORROW
                         NORMAL    RECORD    YEAR
 MAXIMUM TEMPERATURE (F)   60        80      1980
 MINIMUM TEMPERATURE (F)   33        18      1907


SUNRISE AND SUNSET
APRIL 26 2018.........SUNRISE   627 AM MDT   SUNSET   844 PM MDT
APRIL 27 2018.........SUNRISE   625 AM MDT   SUNSET   845 PM MDT


-  INDICATES NEGATIVE NUMBERS.
R  INDICATES RECORD WAS SET OR TIED.
MM INDICATES DATA IS MISSING.
T  INDICATES TRACE AMOUNT.




$$
