000
CDUS42 KRAH 200704
CLIGSO


CLIMATE REPORT
NATIONAL WEATHER SERVICE RALEIGH NC
302 AM EDT FRI APR 20 2018


...................................

...THE PIEDMONT TRIAD INTL AIRPORT NC CLIMATE SUMMARY FOR APRIL 19 2018...

CLIMATE NORMAL PERIOD 1981 TO 2010
CLIMATE RECORD PERIOD 1903 TO 2018


WEATHER ITEM   OBSERVED TIME   RECORD YEAR NORMAL DEPARTURE LAST
                VALUE   (LST)  VALUE       VALUE  FROM      YEAR
                                                  NORMAL
..................................................................
TEMPERATURE (F)
 YESTERDAY
  MAXIMUM         71    958 AM  92    1917  71      0       60
  MINIMUM         42   1159 PM  26    1983  48     -6       51
  AVERAGE         57                        60     -3       56

PRECIPITATION (IN)
  YESTERDAY        0.00          1.86 1943   0.12  -0.12     0.08
  MONTH TO DATE    2.10                      2.28  -0.18     0.97
  SINCE MAR 1      6.42                      6.01   0.41     3.53
  SINCE JAN 1     12.63                     12.03   0.60     9.14

SNOWFALL (IN)
  YESTERDAY        0.0           0.0         0.0    0.0      0.0
  MONTH TO DATE    T                         0.1   -0.1      0.0
  SINCE MAR 1      5.0                       0.9    4.1       T
  SINCE JUL 1     14.7                       7.6    7.1      8.0
  SNOW DEPTH       0

DEGREE DAYS
 HEATING
  YESTERDAY        8                         6      2        9
  MONTH TO DATE  175                       163     12       79
  SINCE MAR 1    780                       633    147      515
  SINCE JUL 1   3479                      3488     -9     2685

 COOLING
  YESTERDAY        0                         1     -1        0
  MONTH TO DATE   11                        18     -7       34
  SINCE MAR 1     13                        23    -10       42
  SINCE JAN 1     21                        23     -2       46
..................................................................


WIND (MPH)
  HIGHEST WIND SPEED    31   HIGHEST WIND DIRECTION     W (280)
  HIGHEST GUST SPEED    39   HIGHEST GUST DIRECTION     W (280)
  AVERAGE WIND SPEED    14.2


SKY COVER
  POSSIBLE SUNSHINE  MM
  AVERAGE SKY COVER 0.2


WEATHER CONDITIONS
 THE FOLLOWING WEATHER WAS RECORDED YESTERDAY.
  NO SIGNIFICANT WEATHER WAS OBSERVED.


RELATIVE HUMIDITY (PERCENT)
 HIGHEST    60           600 AM
 LOWEST     33          1000 AM
 AVERAGE    47

..........................................................


THE PIEDMONT TRIAD INTL AIRPORT NC CLIMATE NORMALS FOR TODAY
                         NORMAL    RECORD    YEAR
 MAXIMUM TEMPERATURE (F)   72        94      1917
 MINIMUM TEMPERATURE (F)   49        28      1983


SUNRISE AND SUNSET
APRIL 20 2018.........SUNRISE   640 AM EDT   SUNSET   758 PM EDT
APRIL 21 2018.........SUNRISE   639 AM EDT   SUNSET   759 PM EDT


-  INDICATES NEGATIVE NUMBERS.
R  INDICATES RECORD WAS SET OR TIED.
MM INDICATES DATA IS MISSING.
T  INDICATES TRACE AMOUNT.

$$
