000
CDUS41 KLWX 260534
CLIHGR


CLIMATE REPORT
NATIONAL WEATHER SERVICE BALTIMORE MD/WASHINGTON DC
134 AM EDT THU APR 26 2018


...................................

...THE HAGERSTOWN MD CLIMATE SUMMARY FOR APRIL 25 2018...

CLIMATE NORMAL PERIOD 1981 TO 2010
CLIMATE RECORD PERIOD 1998 TO 2018


WEATHER ITEM   OBSERVED TIME   RECORD YEAR NORMAL DEPARTURE LAST
                VALUE   (LST)  VALUE       VALUE  FROM      YEAR
                                                  NORMAL
..................................................................
TEMPERATURE (F)
 YESTERDAY
  MAXIMUM         66    451 PM  MM      MM  66      0       58
  MINIMUM         51    445 AM  MM      MM  46      5       50
  AVERAGE         59                        56      3       54

PRECIPITATION (IN)
  YESTERDAY        0.07         MM      MM   0.11  -0.04     0.19
  MONTH TO DATE    3.79                      3.02   0.77     2.16
  SINCE MAR 1      5.75                      6.40  -0.65     4.99
  SINCE JAN 1     12.25                     11.63   0.62     9.09

DEGREE DAYS
 HEATING
  YESTERDAY        6                        10     -4       11
  MONTH TO DATE  397                       337     60      179
  SINCE MAR 1   1215                      1066    149      876
  SINCE JUL 1   4628                      4969   -341     3883

 COOLING
  YESTERDAY        0                         1     -1        0
  MONTH TO DATE   15                         7      8       26
  SINCE MAR 1     15                         8      7       27
  SINCE JAN 1     20                         8     12       28
..................................................................


WIND (MPH)
  HIGHEST WIND SPEED    22   HIGHEST WIND DIRECTION    NW (310)
  HIGHEST GUST SPEED    27   HIGHEST GUST DIRECTION    NW (310)
  AVERAGE WIND SPEED     8.8


SKY COVER
  POSSIBLE SUNSHINE  MM
  AVERAGE SKY COVER 0.9


WEATHER CONDITIONS
 THE FOLLOWING WEATHER WAS RECORDED YESTERDAY.
  LIGHT RAIN
  FOG


RELATIVE HUMIDITY (PERCENT)
 HIGHEST    96           200 AM
 LOWEST     66          1100 PM
 AVERAGE    81

..........................................................


THE HAGERSTOWN MD CLIMATE NORMALS FOR TODAY
                         NORMAL    RECORD    YEAR
 MAXIMUM TEMPERATURE (F)   67        MM        MM
 MINIMUM TEMPERATURE (F)   46        MM        MM


SUNRISE AND SUNSET
APRIL 26 2018.........SUNRISE   618 AM EDT   SUNSET   800 PM EDT
APRIL 27 2018.........SUNRISE   617 AM EDT   SUNSET   801 PM EDT


-  INDICATES NEGATIVE NUMBERS.
R  INDICATES RECORD WAS SET OR TIED.
MM INDICATES DATA IS MISSING.
T  INDICATES TRACE AMOUNT.




$$
