050
CDUS46 KPQR 262321
CLIHIO


CLIMATE REPORT
NATIONAL WEATHER SERVICE PORTLAND OREGON
421 PM PDT SAT MAY 26 2018


...................................

...THE HILLSBORO OR CLIMATE SUMMARY FOR MAY 26 2018...
VALID TODAY AS OF 0400 PM LOCAL TIME.

CLIMATE NORMAL PERIOD 1981 TO 2010
CLIMATE RECORD PERIOD 1929 TO 2018


WEATHER ITEM   OBSERVED TIME   RECORD YEAR NORMAL DEPARTURE LAST
                VALUE   (LST)  VALUE       VALUE  FROM      YEAR
                                                  NORMAL
..................................................................
TEMPERATURE (F)
 TODAY
  MAXIMUM         66    259 PM  89    1947  69     -3       83
  MINIMUM         42    232 AM  32    1935  46     -4       47
  AVERAGE         54                        58     -4       65

PRECIPITATION (IN)
  TODAY            0.00                      0.07  -0.07     0.00
  MONTH TO DATE    0.10                      1.98  -1.88     1.76
  SINCE OCT 1     25.83                     35.58  -9.75    46.13
  SINCE JAN 1     13.53                     19.19  -5.66    26.45

DEGREE DAYS
 HEATING
  TODAY           11                                         0
  MONTH TO DATE  122                                       217
  SINCE MAR 1   1146                                      1236
  SINCE JUL 1   4372                                      4765

 COOLING
  TODAY            0                                         0
  MONTH TO DATE   12                                        21
  SINCE MAR 1     16                                        21
  SINCE JAN 1     16                                        21
..................................................................


WIND (MPH)
  HIGHEST WIND SPEED    10   HIGHEST WIND DIRECTION     S (160)
  HIGHEST GUST SPEED    13   HIGHEST GUST DIRECTION    SE (150)
  AVERAGE WIND SPEED     2.5


SKY COVER
  POSSIBLE SUNSHINE  MM
  AVERAGE SKY COVER 0.8


WEATHER CONDITIONS
 THE FOLLOWING WEATHER WAS RECORDED TODAY.
  NO SIGNIFICANT WEATHER WAS OBSERVED.


RELATIVE HUMIDITY (PERCENT)
 HIGHEST    86           200 AM
 LOWEST     48           300 PM
 AVERAGE    67

..........................................................


THE HILLSBORO OR CLIMATE NORMALS FOR TOMORROW
                         NORMAL    RECORD    YEAR
 MAXIMUM TEMPERATURE (F)   70        94      2005
 MINIMUM TEMPERATURE (F)   46        33      1966


SUNRISE AND SUNSET
MAY 26 2018...........SUNRISE   530 AM PDT   SUNSET   848 PM PDT
MAY 27 2018...........SUNRISE   530 AM PDT   SUNSET   849 PM PDT


-  INDICATES NEGATIVE NUMBERS.
R  INDICATES RECORD WAS SET OR TIED.
MM INDICATES DATA IS MISSING.
T  INDICATES TRACE AMOUNT.




$$
