464
CDUS46 KHNX 240824
CLIHJO


CLIMATE REPORT
NATIONAL WEATHER SERVICE SAN JOAQUIN VALLEY, CA
124 AM PDT TUE APR 24 2018


...................................

...THE HANFORD CA CLIMATE SUMMARY FOR APRIL 23 2018...

CLIMATE NORMAL PERIOD 1981 TO 2010
CLIMATE RECORD PERIOD 1998 TO 2018


WEATHER ITEM   OBSERVED TIME   RECORD YEAR NORMAL DEPARTURE
                VALUE   (LST)  VALUE       VALUE  FROM
                                                  NORMAL
...............................................................
TEMPERATURE (F)
 YESTERDAY
  MAXIMUM         92R   417 PM  88    2002  77     15
  MINIMUM         53    518 AM  39    2010  48      5
  AVERAGE         73                        63     10

PRECIPITATION (IN)
  YESTERDAY        0.00          0.54 2006   0.03  -0.03
  MONTH TO DATE    0.29                      0.61  -0.32
  SINCE OCT 1      4.70                      9.14  -4.44
  SINCE JAN 1      4.29                      6.01  -1.72

SNOWFALL (IN)
  YESTERDAY        0.0
  MONTH TO DATE    0.0
  SINCE MAR 1      0.0
  SINCE JUL 1      0.0
  SNOW DEPTH       0

DEGREE DAYS
 HEATING
  YESTERDAY        0
  MONTH TO DATE   72
  SINCE MAR 1    360
  SINCE JUL 1   2030

 COOLING
  YESTERDAY        8
  MONTH TO DATE   34
  SINCE MAR 1     42
  SINCE JAN 1     42
...............................................................


WIND (MPH)
  HIGHEST WIND SPEED    14   HIGHEST WIND DIRECTION    NW (320)
  HIGHEST GUST SPEED    18   HIGHEST GUST DIRECTION    NW (320)
  AVERAGE WIND SPEED     4.2




RELATIVE HUMIDITY (PERCENT)
 HIGHEST    93
 LOWEST     15
 AVERAGE    54

..........................................................


THE HANFORD CA CLIMATE NORMALS FOR TODAY
                         NORMAL    RECORD    YEAR
 MAXIMUM TEMPERATURE (F)   78        90      2013
 MINIMUM TEMPERATURE (F)   48        42      2008


SUNRISE AND SUNSET
APRIL 24 2018.........SUNRISE   613 AM PDT   SUNSET   740 PM PDT
APRIL 25 2018.........SUNRISE   612 AM PDT   SUNSET   741 PM PDT


-  INDICATES NEGATIVE NUMBERS.
R  INDICATES RECORD WAS SET OR TIED.
MM INDICATES DATA IS MISSING.
T  INDICATES TRACE AMOUNT.




$$
